CRAN Package Check Results for Package ihpdr

Last updated on 2022-10-02 06:52:12 CEST.

Flavor Version Tinstall Tcheck Ttotal Status Flags
r-devel-linux-x86_64-debian-clang 1.2.1 7.00 58.80 65.80 NOTE
r-devel-linux-x86_64-debian-gcc 1.2.1 5.62 46.45 52.07 NOTE
r-devel-linux-x86_64-fedora-clang 1.2.1 95.31 NOTE
r-devel-linux-x86_64-fedora-gcc 1.2.1 89.59 NOTE
r-devel-windows-x86_64 1.2.1 12.00 89.00 101.00 NOTE
r-patched-linux-x86_64 1.2.1 5.90 57.62 63.52 NOTE
r-release-linux-x86_64 1.2.1 5.36 56.71 62.07 NOTE
r-release-macos-arm64 1.2.1 35.00 NOTE
r-release-macos-x86_64 1.2.1 57.00 NOTE
r-release-windows-x86_64 1.2.1 10.00 83.00 93.00 NOTE
r-oldrel-macos-arm64 1.2.1 35.00 NOTE
r-oldrel-macos-x86_64 1.2.1 55.00 NOTE
r-oldrel-windows-ix86+x86_64 1.2.1 16.00 84.00 100.00 NOTE

Check Details

Version: 1.2.1
Check: LazyData
Result: NOTE
     'LazyData' is specified without a 'data' directory
Flavors: r-devel-linux-x86_64-debian-clang, r-devel-linux-x86_64-debian-gcc, r-devel-linux-x86_64-fedora-clang, r-devel-linux-x86_64-fedora-gcc, r-devel-windows-x86_64, r-patched-linux-x86_64, r-release-linux-x86_64, r-release-macos-arm64, r-release-macos-x86_64, r-release-windows-x86_64, r-oldrel-macos-arm64, r-oldrel-macos-x86_64, r-oldrel-windows-ix86+x86_64