CRAN Package Check Results for Package ihpdr

Last updated on 2023-10-02 19:11:11 CEST.

Flavor Version Tinstall Tcheck Ttotal Status Flags
r-devel-linux-x86_64-debian-clang 1.2.1 7.48 57.52 65.00 NOTE
r-devel-linux-x86_64-debian-gcc 1.2.1 5.36 42.16 47.52 NOTE
r-devel-linux-x86_64-fedora-clang 1.2.1 76.05 NOTE
r-devel-linux-x86_64-fedora-gcc 1.2.1 74.18 NOTE
r-devel-windows-x86_64 1.2.1 7.00 62.00 69.00 NOTE
r-patched-linux-x86_64 1.2.1 4.43 53.59 58.02 NOTE
r-release-linux-x86_64 1.2.1 5.22 53.65 58.87 NOTE
r-release-macos-arm64 1.2.1 33.00 NOTE
r-release-macos-x86_64 1.2.1 42.00 NOTE
r-release-windows-x86_64 1.2.1 9.00 68.00 77.00 NOTE
r-oldrel-macos-arm64 1.2.1 35.00 NOTE
r-oldrel-macos-x86_64 1.2.1 57.00 NOTE
r-oldrel-windows-x86_64 1.2.1 10.00 72.00 82.00 NOTE

Check Details

Version: 1.2.1
Check: LazyData
Result: NOTE
     'LazyData' is specified without a 'data' directory
Flavors: r-devel-linux-x86_64-debian-clang, r-devel-linux-x86_64-debian-gcc, r-devel-linux-x86_64-fedora-clang, r-devel-linux-x86_64-fedora-gcc, r-devel-windows-x86_64, r-patched-linux-x86_64, r-release-linux-x86_64, r-release-macos-arm64, r-release-macos-x86_64, r-release-windows-x86_64, r-oldrel-macos-arm64, r-oldrel-macos-x86_64, r-oldrel-windows-x86_64