CRAN Package Check Results for Package iheiddown

Last updated on 2021-09-24 01:50:07 CEST.

Flavor Version Tinstall Tcheck Ttotal Status Flags
r-devel-linux-x86_64-debian-clang 0.8.2 11.87 106.75 118.62 OK
r-devel-linux-x86_64-debian-gcc 0.8.2 9.22 80.60 89.82 OK
r-devel-linux-x86_64-fedora-clang 0.8.2 147.78 NOTE
r-devel-linux-x86_64-fedora-gcc 0.8.2 137.87 NOTE
r-devel-windows-x86_64 0.8.2 14.00 103.00 117.00 OK
r-devel-windows-x86_64-gcc10-UCRT 0.8.2 NOTE
r-patched-linux-x86_64 0.8.2 11.01 106.40 117.41 OK
r-patched-solaris-x86 0.8.2 215.10 NOTE
r-release-linux-x86_64 0.8.2 8.10 106.81 114.91 OK
r-release-macos-arm64 0.8.2 NOTE
r-release-macos-x86_64 0.8.2 NOTE
r-release-windows-ix86+x86_64 0.8.2 27.00 107.00 134.00 OK
r-oldrel-macos-x86_64 0.8.2 NOTE
r-oldrel-windows-ix86+x86_64 0.8.2 22.00 110.00 132.00 OK

Check Details

Version: 0.8.2
Check: dependencies in R code
Result: NOTE
    Namespaces in Imports field not imported from:
     ‘covr’ ‘magrittr’ ‘roxygen2’
     All declared Imports should be used.
Flavors: r-devel-linux-x86_64-fedora-clang, r-devel-linux-x86_64-fedora-gcc, r-devel-windows-x86_64-gcc10-UCRT, r-patched-solaris-x86, r-release-macos-arm64, r-release-macos-x86_64, r-oldrel-macos-x86_64