CRAN Package Check Results for Package iemisc

Last updated on 2021-06-14 07:48:39 CEST.

Flavor Version Tinstall Tcheck Ttotal Status Flags
r-devel-linux-x86_64-debian-clang 0.9.9 13.10 72.40 85.50 NOTE
r-devel-linux-x86_64-debian-gcc 0.9.9 9.37 54.99 64.36 NOTE
r-devel-linux-x86_64-fedora-clang 0.9.9 111.17 NOTE
r-devel-linux-x86_64-fedora-gcc 0.9.9 102.01 NOTE
r-devel-windows-x86_64 0.9.9 17.00 109.00 126.00 NOTE
r-devel-windows-x86_64-gcc10-UCRT 0.9.9 NOTE
r-patched-linux-x86_64 0.9.9 14.53 69.43 83.96 NOTE
r-patched-solaris-x86 0.9.9 139.80 NOTE
r-release-linux-x86_64 0.9.9 8.78 70.38 79.16 NOTE
r-release-macos-arm64 0.9.9 NOTE
r-release-macos-x86_64 0.9.9 NOTE
r-release-windows-ix86+x86_64 0.9.9 16.00 94.00 110.00 NOTE
r-oldrel-macos-x86_64 0.9.9 NOTE
r-oldrel-windows-ix86+x86_64 0.9.9 15.00 100.00 115.00 OK

Check Details

Version: 0.9.9
Check: LazyData
Result: NOTE
     'LazyData' is specified without a 'data' directory
Flavors: r-devel-linux-x86_64-debian-clang, r-devel-linux-x86_64-debian-gcc, r-devel-linux-x86_64-fedora-clang, r-devel-linux-x86_64-fedora-gcc, r-devel-windows-x86_64, r-devel-windows-x86_64-gcc10-UCRT, r-patched-linux-x86_64, r-patched-solaris-x86, r-release-linux-x86_64, r-release-macos-arm64, r-release-macos-x86_64, r-release-windows-ix86+x86_64

Version: 0.9.9
Check: dependencies in R code
Result: NOTE
    Namespace in Imports field not imported from: ‘testit’
     All declared Imports should be used.
Flavors: r-devel-linux-x86_64-fedora-clang, r-devel-linux-x86_64-fedora-gcc, r-devel-windows-x86_64-gcc10-UCRT, r-patched-solaris-x86, r-release-macos-arm64, r-release-macos-x86_64, r-oldrel-macos-x86_64

Version: 0.9.9
Check: Rd cross-references
Result: NOTE
    Undeclared package ‘matlab’ in Rd xrefs
Flavor: r-devel-linux-x86_64-fedora-clang