CRAN Package Check Results for Package idendr0

Last updated on 2021-10-18 13:53:59 CEST.

Flavor Version Tinstall Tcheck Ttotal Status Flags
r-devel-linux-x86_64-debian-clang 1.5.3 6.90 39.49 46.39 NOTE
r-devel-linux-x86_64-debian-gcc 1.5.3 4.82 30.94 35.76 NOTE
r-devel-linux-x86_64-fedora-clang 1.5.3 69.63 NOTE
r-devel-linux-x86_64-fedora-gcc 1.5.3 58.24 NOTE
r-devel-windows-x86_64 1.5.3 8.00 54.00 62.00 OK
r-devel-windows-x86_64-gcc10-UCRT 1.5.3 NOTE
r-patched-linux-x86_64 1.5.3 7.00 39.67 46.67 NOTE
r-patched-solaris-x86 1.5.3 82.30 NOTE
r-release-linux-x86_64 1.5.3 6.31 39.44 45.75 NOTE
r-release-macos-arm64 1.5.3 NOTE
r-release-macos-x86_64 1.5.3 NOTE
r-release-windows-ix86+x86_64 1.5.3 7.00 57.00 64.00 OK
r-oldrel-macos-x86_64 1.5.3 NOTE
r-oldrel-windows-ix86+x86_64 1.5.3 10.00 56.00 66.00 OK

Check Details

Version: 1.5.3
Check: package dependencies
Result: NOTE
    Package suggested but not available for checking: 'rggobi'
Flavors: r-devel-linux-x86_64-debian-clang, r-devel-linux-x86_64-debian-gcc, r-devel-linux-x86_64-fedora-clang, r-devel-linux-x86_64-fedora-gcc, r-devel-windows-x86_64-gcc10-UCRT, r-patched-linux-x86_64, r-patched-solaris-x86, r-release-linux-x86_64, r-release-macos-arm64, r-release-macos-x86_64, r-oldrel-macos-x86_64