CRAN Package Check Results for Package idem

Last updated on 2021-06-18 13:51:47 CEST.

Flavor Version Tinstall Tcheck Ttotal Status Flags
r-devel-linux-x86_64-debian-clang 5.1 119.32 178.07 297.39 NOTE
r-devel-linux-x86_64-debian-gcc 5.1 102.87 134.07 236.94 NOTE
r-devel-linux-x86_64-fedora-clang 5.1 378.02 NOTE
r-devel-linux-x86_64-fedora-gcc 5.1 395.96 NOTE
r-devel-windows-x86_64 5.1 159.00 232.00 391.00 NOTE
r-devel-windows-x86_64-gcc10-UCRT 5.1 NOTE
r-patched-linux-x86_64 5.1 112.14 171.70 283.84 NOTE
r-patched-solaris-x86 5.1 442.80 NOTE
r-release-linux-x86_64 5.1 111.87 172.09 283.96 NOTE
r-release-macos-arm64 5.1 NOTE
r-release-macos-x86_64 5.1 NOTE
r-release-windows-ix86+x86_64 5.1 271.00 293.00 564.00 NOTE
r-oldrel-macos-x86_64 5.1 NOTE
r-oldrel-windows-ix86+x86_64 5.1 193.00 240.00 433.00 NOTE

Check Details

Version: 5.1
Check: for GNU extensions in Makefiles
Result: NOTE
    GNU make is a SystemRequirements.
Flavors: r-devel-linux-x86_64-debian-clang, r-devel-linux-x86_64-debian-gcc, r-devel-linux-x86_64-fedora-clang, r-devel-linux-x86_64-fedora-gcc, r-devel-windows-x86_64, r-devel-windows-x86_64-gcc10-UCRT, r-patched-linux-x86_64, r-patched-solaris-x86, r-release-linux-x86_64, r-release-macos-arm64, r-release-macos-x86_64, r-release-windows-ix86+x86_64, r-oldrel-macos-x86_64, r-oldrel-windows-ix86+x86_64

Version: 5.1
Check: installed package size
Result: NOTE
     installed size is 28.8Mb
     sub-directories of 1Mb or more:
     doc 1.2Mb
     libs 27.0Mb
Flavors: r-devel-linux-x86_64-fedora-clang, r-release-macos-arm64, r-release-macos-x86_64, r-release-windows-ix86+x86_64, r-oldrel-macos-x86_64, r-oldrel-windows-ix86+x86_64

Version: 5.1
Check: line endings in C/C++/Fortran sources/headers
Result: NOTE
    Found the following sources/headers with CR or CRLF line endings:
     src/stan_files/idem.hpp
    Some Unix compilers require LF line endings.
Flavor: r-devel-windows-x86_64-gcc10-UCRT