CRAN Package Check Results for Package idefix

Last updated on 2022-10-02 18:50:50 CEST.

Flavor Version Tinstall Tcheck Ttotal Status Flags
r-devel-linux-x86_64-debian-clang 1.0.3 44.58 74.95 119.53 OK
r-devel-linux-x86_64-debian-gcc 1.0.3 36.59 56.39 92.98 OK
r-devel-linux-x86_64-fedora-clang 1.0.3 177.51 NOTE
r-devel-linux-x86_64-fedora-gcc 1.0.3 157.06 OK
r-devel-windows-x86_64 1.0.3 51.00 120.00 171.00 OK
r-patched-linux-x86_64 1.0.3 41.77 70.91 112.68 OK
r-release-linux-x86_64 1.0.3 41.29 70.95 112.24 OK
r-release-macos-arm64 1.0.3 41.00 OK
r-release-macos-x86_64 1.0.3 73.00 OK
r-release-windows-x86_64 1.0.3 52.00 128.00 180.00 OK
r-oldrel-macos-arm64 1.0.3 41.00 OK
r-oldrel-macos-x86_64 1.0.3 54.00 OK
r-oldrel-windows-ix86+x86_64 1.0.3 118.00 146.00 264.00 OK

Check Details

Version: 1.0.3
Check: Rd cross-references
Result: NOTE
    Undeclared packages ‘mlogit’, ‘logitr’ in Rd xrefs
Flavor: r-devel-linux-x86_64-fedora-clang