CRAN Package Check Results for Package icosa

Last updated on 2021-06-16 07:49:51 CEST.

Flavor Version Tinstall Tcheck Ttotal Status Flags
r-devel-linux-x86_64-debian-clang 0.10.1 54.81 240.23 295.04 OK
r-devel-linux-x86_64-debian-gcc 0.10.1 32.39 181.53 213.92 OK
r-devel-linux-x86_64-fedora-clang 0.10.1 376.78 OK
r-devel-linux-x86_64-fedora-gcc 0.10.1 364.61 OK
r-devel-windows-x86_64 0.10.1 65.00 120.00 185.00 OK --no-vignettes
r-devel-windows-x86_64-gcc10-UCRT 0.10.1 OK
r-patched-linux-x86_64 0.10.1 41.86 234.22 276.08 OK
r-patched-solaris-x86 0.10.1 308.40 OK
r-release-linux-x86_64 0.10.1 39.18 229.43 268.61 OK
r-release-macos-arm64 0.10.1 WARN
r-release-macos-x86_64 0.10.1 OK
r-release-windows-ix86+x86_64 0.10.1 114.00 114.00 228.00 OK --no-vignettes
r-oldrel-macos-x86_64 0.10.1 OK
r-oldrel-windows-ix86+x86_64 0.10.1 82.00 161.00 243.00 OK --no-vignettes

Additional issues

M1mac

Check Details

Version: 0.10.1
Check: package dependencies
Result: NOTE
    Package suggested but not available for checking: ‘rgdal’
Flavor: r-release-macos-arm64

Version: 0.10.1
Check: re-building of vignette outputs
Result: WARN
    Error(s) in re-building vignettes:
     ...
    --- re-building ‘icosa.Rmd’ using rmarkdown
    Warning in engine$weave(file, quiet = quiet, encoding = enc) :
     Pandoc (>= 1.12.3) not available. Falling back to R Markdown v1.
    Quitting from lines 13-20 (icosa.Rmd)
    Error: processing vignette 'icosa.Rmd' failed with diagnostics:
    there is no package called 'rgdal'
    --- failed re-building ‘icosa.Rmd’
    
    SUMMARY: processing the following file failed:
     ‘icosa.Rmd’
    
    Error: Vignette re-building failed.
    Execution halted
Flavor: r-release-macos-arm64