CRAN Package Check Results for Package iconr

Last updated on 2021-06-23 22:54:18 CEST.

Flavor Version Tinstall Tcheck Ttotal Status Flags
r-devel-linux-x86_64-debian-clang 0.1.0 3.29 57.49 60.78 NOTE
r-devel-linux-x86_64-debian-gcc 0.1.0 2.63 37.18 39.81 NOTE
r-devel-linux-x86_64-fedora-clang 0.1.0 77.06 NOTE
r-devel-linux-x86_64-fedora-gcc 0.1.0 60.27 NOTE
r-devel-windows-x86_64 0.1.0 5.00 50.00 55.00 NOTE
r-devel-windows-x86_64-gcc10-UCRT 0.1.0 ERROR
r-patched-linux-x86_64 0.1.0 3.09 45.79 48.88 NOTE
r-patched-solaris-x86 0.1.0 88.20 NOTE
r-release-linux-x86_64 0.1.0 2.90 45.50 48.40 NOTE
r-release-macos-arm64 0.1.0 NOTE
r-release-macos-x86_64 0.1.0 NOTE
r-release-windows-ix86+x86_64 0.1.0 6.00 50.00 56.00 NOTE
r-oldrel-macos-x86_64 0.1.0 OK

Check Details

Version: 0.1.0
Check: LazyData
Result: NOTE
     'LazyData' is specified without a 'data' directory
Flavors: r-devel-linux-x86_64-debian-clang, r-devel-linux-x86_64-debian-gcc, r-devel-linux-x86_64-fedora-clang, r-devel-linux-x86_64-fedora-gcc, r-devel-windows-x86_64, r-patched-linux-x86_64, r-patched-solaris-x86, r-release-linux-x86_64, r-release-macos-arm64, r-release-macos-x86_64, r-release-windows-ix86+x86_64

Version: 0.1.0
Check: package dependencies
Result: ERROR
    Package required but not available: 'magick'
    
    Package suggested but not available for checking: 'kableExtra'
    
    See section 'The DESCRIPTION file' in the 'Writing R Extensions'
    manual.
Flavor: r-devel-windows-x86_64-gcc10-UCRT

Version: 0.1.0
Check: installed package size
Result: NOTE
     installed size is 5.5Mb
     sub-directories of 1Mb or more:
     doc 2.8Mb
     help 1.9Mb
Flavor: r-patched-solaris-x86