CRAN Package Check Results for Package icertool

Last updated on 2022-10-01 13:51:33 CEST.

Flavor Version Tinstall Tcheck Ttotal Status Flags
r-devel-linux-x86_64-debian-clang 0.0.3 2.63 25.37 28.00 OK
r-devel-linux-x86_64-debian-gcc 0.0.3 1.51 19.59 21.10 OK
r-devel-linux-x86_64-fedora-clang 0.0.3 46.91 NOTE
r-devel-linux-x86_64-fedora-gcc 0.0.3 43.48 NOTE
r-devel-windows-x86_64 0.0.3 15.00 57.00 72.00 OK
r-patched-linux-x86_64 0.0.3 1.83 25.01 26.84 OK
r-release-linux-x86_64 0.0.3 1.75 24.28 26.03 OK
r-release-macos-arm64 0.0.3 18.00 NOTE
r-release-macos-x86_64 0.0.3 24.00 NOTE
r-release-windows-x86_64 0.0.3 11.00 53.00 64.00 OK
r-oldrel-macos-arm64 0.0.3 18.00 NOTE
r-oldrel-macos-x86_64 0.0.3 22.00 NOTE
r-oldrel-windows-ix86+x86_64 0.0.3 9.00 49.00 58.00 OK

Check Details

Version: 0.0.3
Check: dependencies in R code
Result: NOTE
    Namespaces in Imports field not imported from:
     ‘digest’ ‘purrr’ ‘tidyverse’
     All declared Imports should be used.
Flavors: r-devel-linux-x86_64-fedora-clang, r-devel-linux-x86_64-fedora-gcc, r-release-macos-arm64, r-release-macos-x86_64, r-oldrel-macos-arm64, r-oldrel-macos-x86_64