CRAN Package Check Results for Package icenReg

Last updated on 2024-02-22 00:58:32 CET.

Flavor Version Tinstall Tcheck Ttotal Status Flags
r-devel-linux-x86_64-debian-clang 2.0.16 OK
r-devel-linux-x86_64-debian-gcc 2.0.16 61.44 125.64 187.08 OK
r-devel-linux-x86_64-fedora-clang 2.0.16 310.43 OK
r-devel-linux-x86_64-fedora-gcc 2.0.16 336.20 OK
r-devel-windows-x86_64 2.0.16 58.00 263.00 321.00 OK
r-patched-linux-x86_64 2.0.16 75.89 172.72 248.61 OK
r-release-linux-x86_64 2.0.16 72.45 171.72 244.17 OK
r-release-macos-arm64 2.0.16 121.00 NOTE
r-release-macos-x86_64 2.0.16 261.00 NOTE
r-release-windows-x86_64 2.0.16 74.00 296.00 370.00 OK
r-oldrel-macos-arm64 2.0.16 130.00 NOTE
r-oldrel-windows-x86_64 2.0.16 70.00 286.00 356.00 OK

Check Details

Version: 2.0.16
Check: installed package size
Result: NOTE installed size is 15.3Mb sub-directories of 1Mb or more: libs 13.8Mb Flavors: r-release-macos-arm64, r-release-macos-x86_64, r-oldrel-macos-arm64