CRAN Package Check Results for Package icecream

Last updated on 2022-10-06 18:49:52 CEST.

Flavor Version Tinstall Tcheck Ttotal Status Flags
r-devel-linux-x86_64-debian-clang 0.2.0 2.41 27.40 29.81 OK
r-devel-linux-x86_64-debian-gcc 0.2.0 1.87 21.03 22.90 OK
r-devel-linux-x86_64-fedora-clang 0.2.0 47.59 NOTE
r-devel-linux-x86_64-fedora-gcc 0.2.0 44.88 OK
r-devel-windows-x86_64 0.2.0 15.00 56.00 71.00 OK
r-patched-linux-x86_64 0.2.0 2.28 25.41 27.69 OK
r-release-linux-x86_64 0.2.0 2.30 25.15 27.45 OK
r-release-macos-arm64 0.2.0 16.00 OK
r-release-macos-x86_64 0.2.0 22.00 OK
r-release-windows-x86_64 0.2.0 25.00 52.00 77.00 OK
r-oldrel-macos-arm64 0.2.0 17.00 OK
r-oldrel-macos-x86_64 0.2.0 22.00 OK
r-oldrel-windows-ix86+x86_64 0.2.0 5.00 50.00 55.00 OK

Check Details

Version: 0.2.0
Check: Rd cross-references
Result: NOTE
    Undeclared package ‘tibble’ in Rd xrefs
Flavor: r-devel-linux-x86_64-fedora-clang