CRAN Package Check Results for Package iTOP

Last updated on 2023-06-02 22:01:15 CEST.

Flavor Version Tinstall Tcheck Ttotal Status Flags
r-devel-linux-x86_64-debian-clang 1.0.2 2.75 107.03 109.78 NOTE
r-devel-linux-x86_64-debian-gcc 1.0.2 1.89 79.95 81.84 NOTE
r-devel-linux-x86_64-fedora-clang 1.0.2 132.63 NOTE
r-devel-linux-x86_64-fedora-gcc 1.0.2 138.74 NOTE
r-devel-windows-x86_64 1.0.2 4.00 104.00 108.00 NOTE
r-patched-linux-x86_64 1.0.2 NOTE
r-release-linux-x86_64 1.0.2 2.64 103.02 105.66 NOTE
r-release-macos-arm64 1.0.2 60.00 NOTE
r-release-macos-x86_64 1.0.2 95.00 NOTE
r-release-windows-x86_64 1.0.2 4.00 132.00 136.00 NOTE
r-oldrel-macos-arm64 1.0.2 51.00 NOTE
r-oldrel-macos-x86_64 1.0.2 59.00 NOTE
r-oldrel-windows-x86_64 1.0.2 4.00 134.00 138.00 NOTE

Check Details

Version: 1.0.2
Check: LazyData
Result: NOTE
     'LazyData' is specified without a 'data' directory
Flavors: r-devel-linux-x86_64-debian-clang, r-devel-linux-x86_64-debian-gcc, r-devel-linux-x86_64-fedora-clang, r-devel-linux-x86_64-fedora-gcc, r-devel-windows-x86_64, r-patched-linux-x86_64, r-release-linux-x86_64, r-release-macos-arm64, r-release-macos-x86_64, r-release-windows-x86_64, r-oldrel-macos-arm64, r-oldrel-macos-x86_64, r-oldrel-windows-x86_64