CRAN Package Check Results for Package iSubGen

Last updated on 2021-10-21 07:49:58 CEST.

Flavor Version Tinstall Tcheck Ttotal Status Flags
r-devel-linux-x86_64-debian-clang 1.0.1 10.65 96.82 107.47 OK
r-devel-linux-x86_64-debian-gcc 1.0.1 8.46 76.63 85.09 OK
r-devel-linux-x86_64-fedora-clang 1.0.1 151.34 OK
r-devel-linux-x86_64-fedora-gcc 1.0.1 138.69 OK
r-devel-windows-x86_64 1.0.1 17.00 136.00 153.00 OK
r-devel-windows-x86_64-gcc10-UCRT 1.0.1 OK
r-patched-linux-x86_64 1.0.1 10.78 96.02 106.80 OK
r-patched-solaris-x86 1.0.1 196.70 OK
r-release-linux-x86_64 1.0.1 10.42 95.90 106.32 OK
r-release-macos-arm64 1.0.1 OK
r-release-macos-x86_64 1.0.1 ERROR
r-release-windows-ix86+x86_64 1.0.1 24.00 133.00 157.00 OK
r-oldrel-macos-x86_64 1.0.1 ERROR
r-oldrel-windows-ix86+x86_64 1.0.1 24.00 140.00 164.00 OK

Check Details

Version: 1.0.1
Check: package dependencies
Result: ERROR
    Package required but not available: ‘ConsensusClusterPlus’
    
    See section ‘The DESCRIPTION file’ in the ‘Writing R Extensions’
    manual.
Flavors: r-release-macos-x86_64, r-oldrel-macos-x86_64