CRAN Package Check Results for Package iSTATS

Last updated on 2022-10-03 21:53:40 CEST.

Flavor Version Tinstall Tcheck Ttotal Status Flags
r-devel-linux-x86_64-debian-clang 1.5 9.34 74.08 83.42 OK
r-devel-linux-x86_64-debian-gcc 1.5 6.44 55.26 61.70 OK
r-devel-linux-x86_64-fedora-clang 1.5 111.10 NOTE
r-devel-linux-x86_64-fedora-gcc 1.5 105.40 OK
r-devel-windows-x86_64 1.5 22.00 99.00 121.00 NOTE
r-patched-linux-x86_64 1.5 9.77 68.18 77.95 OK
r-release-linux-x86_64 1.5 7.42 69.82 77.24 OK
r-release-macos-arm64 1.5 31.00 NOTE
r-release-macos-x86_64 1.5 54.00 NOTE
r-release-windows-x86_64 1.5 23.00 97.00 120.00 NOTE
r-oldrel-macos-arm64 1.5 33.00 NOTE
r-oldrel-macos-x86_64 1.5 58.00 NOTE
r-oldrel-windows-ix86+x86_64 1.5 33.00 99.00 132.00 NOTE

Check Details

Version: 1.5
Check: installed package size
Result: NOTE
     installed size is 5.9Mb
     sub-directories of 1Mb or more:
     app 4.3Mb
     data 1.6Mb
Flavors: r-devel-linux-x86_64-fedora-clang, r-devel-windows-x86_64, r-release-macos-arm64, r-release-macos-x86_64, r-release-windows-x86_64, r-oldrel-macos-arm64, r-oldrel-macos-x86_64, r-oldrel-windows-ix86+x86_64