CRAN Package Check Results for Package iSDM

Last updated on 2021-06-16 07:49:52 CEST.

Flavor Version Tinstall Tcheck Ttotal Status Flags
r-devel-linux-x86_64-debian-clang 1.0 2.91 27.63 30.54 OK
r-devel-linux-x86_64-debian-gcc 1.0 2.34 21.72 24.06 OK
r-devel-linux-x86_64-fedora-clang 1.0 45.80 NOTE
r-devel-linux-x86_64-fedora-gcc 1.0 35.81 NOTE
r-devel-windows-x86_64 1.0 6.00 49.00 55.00 OK
r-devel-windows-x86_64-gcc10-UCRT 1.0 NOTE
r-patched-linux-x86_64 1.0 2.99 27.66 30.65 OK
r-patched-solaris-x86 1.0 54.40 NOTE
r-release-linux-x86_64 1.0 2.44 26.92 29.36 OK
r-release-macos-arm64 1.0 NOTE
r-release-macos-x86_64 1.0 NOTE
r-release-windows-ix86+x86_64 1.0 7.00 46.00 53.00 OK
r-oldrel-macos-x86_64 1.0 NOTE
r-oldrel-windows-ix86+x86_64 1.0 7.00 47.00 54.00 OK

Check Details

Version: 1.0
Check: dependencies in R code
Result: NOTE
    Namespaces in Imports field not imported from:
     ‘colorRamps’ ‘virtualspecies’
     All declared Imports should be used.
Flavors: r-devel-linux-x86_64-fedora-clang, r-devel-linux-x86_64-fedora-gcc, r-devel-windows-x86_64-gcc10-UCRT, r-patched-solaris-x86, r-release-macos-arm64, r-release-macos-x86_64, r-oldrel-macos-x86_64