Last updated on 2023-09-30 00:56:08 CEST.
Flavor | Version | Tinstall | Tcheck | Ttotal | Status | Flags |
---|---|---|---|---|---|---|
r-devel-linux-x86_64-debian-clang | 1.6.5 | 45.83 | 199.93 | 245.76 | OK | |
r-devel-linux-x86_64-debian-gcc | 1.6.5 | 33.29 | 145.64 | 178.93 | OK | |
r-devel-linux-x86_64-fedora-clang | 1.6.5 | 310.18 | NOTE | |||
r-devel-linux-x86_64-fedora-gcc | 1.6.5 | 298.15 | OK | |||
r-devel-windows-x86_64 | 1.6.5 | 39.00 | 167.00 | 206.00 | OK | |
r-patched-linux-x86_64 | 1.6.5 | 51.57 | 190.10 | 241.67 | OK | |
r-release-linux-x86_64 | 1.6.5 | 39.30 | 187.06 | 226.36 | OK | |
r-release-macos-arm64 | 1.6.5 | 82.00 | OK | |||
r-release-macos-x86_64 | 1.6.5 | 134.00 | OK | |||
r-release-windows-x86_64 | 1.6.5 | 52.00 | 206.00 | 258.00 | OK | |
r-oldrel-macos-arm64 | 1.6.5 | 73.00 | OK | |||
r-oldrel-macos-x86_64 | 1.6.5 | 130.00 | OK | |||
r-oldrel-windows-x86_64 | 1.6.5 | 52.00 | 197.00 | 249.00 | OK |
Version: 1.6.5
Check: package dependencies
Result: NOTE
Imports includes 26 non-default packages.
Importing from so many packages makes the package vulnerable to any of
them becoming unavailable. Move as many as possible to Suggests and
use conditionally.
Flavor: r-devel-linux-x86_64-fedora-clang