CRAN Package Check Results for Package iCellR

Last updated on 2021-06-21 22:57:01 CEST.

Flavor Version Tinstall Tcheck Ttotal Status Flags
r-devel-linux-x86_64-debian-clang 1.6.4 43.53 203.73 247.26 OK
r-devel-linux-x86_64-debian-gcc 1.6.4 30.34 149.34 179.68 OK
r-devel-linux-x86_64-fedora-clang 1.6.4 314.90 NOTE
r-devel-linux-x86_64-fedora-gcc 1.6.4 288.54 OK
r-devel-windows-x86_64 1.6.4 61.00 182.00 243.00 OK
r-devel-windows-x86_64-gcc10-UCRT 1.6.4 ERROR
r-patched-linux-x86_64 1.6.4 45.24 189.84 235.08 OK
r-patched-solaris-x86 1.6.4 382.60 OK
r-release-linux-x86_64 1.6.4 35.79 189.25 225.04 OK
r-release-macos-arm64 1.6.4 ERROR
r-release-macos-x86_64 1.6.4 ERROR
r-release-windows-ix86+x86_64 1.6.4 96.00 326.00 422.00 OK
r-oldrel-macos-x86_64 1.6.4 OK

Check Details

Version: 1.6.4
Check: package dependencies
Result: NOTE
    Imports includes 26 non-default packages.
    Importing from so many packages makes the package vulnerable to any of
    them becoming unavailable. Move as many as possible to Suggests and
    use conditionally.
Flavor: r-devel-linux-x86_64-fedora-clang

Version: 1.6.4
Check: package dependencies
Result: ERROR
    Packages required but not available: 'plotly', 'ggpubr'
    
    See section 'The DESCRIPTION file' in the 'Writing R Extensions'
    manual.
Flavor: r-devel-windows-x86_64-gcc10-UCRT

Version: 1.6.4
Check: package dependencies
Result: ERROR
    Package required but not available: ‘hdf5r’
    
    See section ‘The DESCRIPTION file’ in the ‘Writing R Extensions’
    manual.
Flavors: r-release-macos-arm64, r-release-macos-x86_64