CRAN Package Check Results for Package iCellR

Last updated on 2022-10-07 06:53:11 CEST.

Flavor Version Tinstall Tcheck Ttotal Status Flags
r-devel-linux-x86_64-debian-clang 1.6.5 0.65 2.81 3.46 ERROR
r-devel-linux-x86_64-debian-gcc 1.6.5 37.40 149.82 187.22 OK
r-devel-linux-x86_64-fedora-clang 1.6.5 338.73 NOTE
r-devel-linux-x86_64-fedora-gcc 1.6.5 299.05 OK
r-devel-windows-x86_64 1.6.5 64.00 230.00 294.00 OK
r-patched-linux-x86_64 1.6.5 50.21 189.84 240.05 OK
r-release-linux-x86_64 1.6.5 40.27 183.74 224.01 OK
r-release-macos-arm64 1.6.5 73.00 OK
r-release-macos-x86_64 1.6.5 130.00 OK
r-release-windows-x86_64 1.6.5 60.00 228.00 288.00 OK
r-oldrel-macos-arm64 1.6.5 82.00 OK
r-oldrel-macos-x86_64 1.6.5 103.00 OK
r-oldrel-windows-ix86+x86_64 1.6.5 103.00 278.00 381.00 OK

Check Details

Version: 1.6.5
Check: package dependencies
Result: ERROR
    Package required but not available: 'hdf5r'
    
    See section 'The DESCRIPTION file' in the 'Writing R Extensions'
    manual.
Flavor: r-devel-linux-x86_64-debian-clang

Version: 1.6.5
Check: package dependencies
Result: NOTE
    Imports includes 26 non-default packages.
    Importing from so many packages makes the package vulnerable to any of
    them becoming unavailable. Move as many as possible to Suggests and
    use conditionally.
Flavor: r-devel-linux-x86_64-fedora-clang