CRAN Package Check Results for Package hyperSpec

Last updated on 2021-08-05 07:49:29 CEST.

Flavor Version Tinstall Tcheck Ttotal Status Flags
r-devel-linux-x86_64-debian-clang 0.99-20201127 16.54 336.79 353.33 OK
r-devel-linux-x86_64-debian-gcc 0.99-20201127 15.47 252.33 267.80 OK
r-devel-linux-x86_64-fedora-clang 0.99-20201127 409.85 NOTE
r-devel-linux-x86_64-fedora-gcc 0.99-20201127 400.60 OK
r-devel-windows-x86_64 0.99-20201127 26.00 371.00 397.00 OK
r-devel-windows-x86_64-gcc10-UCRT 0.99-20201127 ERROR
r-patched-linux-x86_64 0.99-20201127 21.48 317.17 338.65 OK
r-patched-solaris-x86 0.99-20201127 523.30 OK
r-release-linux-x86_64 0.99-20201127 16.74 317.41 334.15 OK
r-release-macos-arm64 0.99-20201127 OK
r-release-macos-x86_64 0.99-20201127 OK
r-release-windows-ix86+x86_64 0.99-20201127 32.00 279.00 311.00 OK
r-oldrel-macos-x86_64 0.99-20201127 OK
r-oldrel-windows-ix86+x86_64 0.99-20201127 48.00 366.00 414.00 OK

Check Details

Version: 0.99-20201127
Check: Rd cross-references
Result: NOTE
    Undeclared packages ‘reshape2’, ‘plyr’, ‘caTools’ in Rd xrefs
Flavor: r-devel-linux-x86_64-fedora-clang

Version: 0.99-20201127
Check: package dependencies
Result: ERROR
    Packages required but not available: 'ggplot2', 'testthat', 'dplyr'
    
    Packages suggested but not available for checking: 'devtools', 'tibble'
    
    See section 'The DESCRIPTION file' in the 'Writing R Extensions'
    manual.
Flavor: r-devel-windows-x86_64-gcc10-UCRT