CRAN Package Check Results for Package hwep

Last updated on 2022-09-27 07:50:44 CEST.

Flavor Version Tinstall Tcheck Ttotal Status Flags
r-devel-linux-x86_64-debian-clang 2.0.0 256.29 181.28 437.57 NOTE
r-devel-linux-x86_64-debian-gcc 2.0.0 233.06 141.35 374.41 NOTE
r-devel-linux-x86_64-fedora-clang 2.0.0 568.99 NOTE
r-devel-linux-x86_64-fedora-gcc 2.0.0 639.33 NOTE
r-devel-windows-x86_64 2.0.0 190.00 276.00 466.00 NOTE
r-patched-linux-x86_64 2.0.0 202.83 181.46 384.29 NOTE
r-release-linux-x86_64 2.0.0 182.04 182.08 364.12 NOTE
r-release-macos-arm64 2.0.0 142.00 NOTE
r-release-macos-x86_64 2.0.0 213.00 NOTE
r-release-windows-x86_64 2.0.0 184.00 270.00 454.00 NOTE
r-oldrel-macos-arm64 2.0.0 131.00 NOTE
r-oldrel-macos-x86_64 2.0.0 214.00 NOTE
r-oldrel-windows-ix86+x86_64 2.0.0 595.00 374.00 969.00 NOTE

Check Details

Version: 2.0.0
Check: for GNU extensions in Makefiles
Result: NOTE
    GNU make is a SystemRequirements.
Flavors: r-devel-linux-x86_64-debian-clang, r-devel-linux-x86_64-debian-gcc, r-devel-linux-x86_64-fedora-clang, r-devel-linux-x86_64-fedora-gcc, r-devel-windows-x86_64, r-patched-linux-x86_64, r-release-linux-x86_64, r-release-macos-arm64, r-release-macos-x86_64, r-release-windows-x86_64, r-oldrel-macos-arm64, r-oldrel-macos-x86_64, r-oldrel-windows-ix86+x86_64

Version: 2.0.0
Check: installed package size
Result: NOTE
     installed size is 43.0Mb
     sub-directories of 1Mb or more:
     libs 42.4Mb
Flavors: r-release-macos-arm64, r-release-macos-x86_64, r-oldrel-macos-arm64, r-oldrel-macos-x86_64, r-oldrel-windows-ix86+x86_64