CRAN Package Check Results for Package hunspell

Last updated on 2024-02-26 21:52:54 CET.

Flavor Version Tinstall Tcheck Ttotal Status Flags
r-devel-linux-x86_64-debian-clang 3.0.3 81.76 46.73 128.49 OK
r-devel-linux-x86_64-debian-gcc 3.0.3 54.97 41.01 95.98 OK
r-devel-linux-x86_64-fedora-clang 3.0.3 194.16 OK
r-devel-linux-x86_64-fedora-gcc 3.0.3 203.27 OK
r-devel-windows-x86_64 3.0.3 59.00 93.00 152.00 OK
r-patched-linux-x86_64 3.0.3 69.53 52.04 121.57 OK
r-release-linux-x86_64 3.0.3 79.08 51.52 130.60 OK
r-release-macos-arm64 3.0.3 85.00 NOTE
r-release-macos-x86_64 3.0.3 154.00 NOTE
r-release-windows-x86_64 3.0.3 67.00 102.00 169.00 OK
r-oldrel-macos-arm64 3.0.3 81.00 NOTE
r-oldrel-windows-x86_64 3.0.3 68.00 104.00 172.00 OK

Check Details

Version: 3.0.3
Check: installed package size
Result: NOTE installed size is 7.9Mb sub-directories of 1Mb or more: dict 1.5Mb libs 5.3Mb Flavors: r-release-macos-arm64, r-release-macos-x86_64, r-oldrel-macos-arm64