Last updated on 2023-02-03 12:56:02 CET.
Flavor | Version | Tinstall | Tcheck | Ttotal | Status | Flags |
---|---|---|---|---|---|---|
r-devel-linux-x86_64-debian-clang | 3.0.2 | 65.72 | 45.21 | 110.93 | NOTE | |
r-devel-linux-x86_64-debian-gcc | 3.0.2 | 54.21 | 41.17 | 95.38 | NOTE | |
r-devel-linux-x86_64-fedora-clang | 3.0.2 | 182.83 | NOTE | |||
r-devel-linux-x86_64-fedora-gcc | 3.0.2 | 175.02 | NOTE | |||
r-devel-windows-x86_64 | 3.0.2 | 85.00 | 120.00 | 205.00 | NOTE | |
r-patched-linux-x86_64 | 3.0.2 | 55.20 | 52.65 | 107.85 | OK | |
r-release-linux-x86_64 | 3.0.2 | 59.33 | 53.92 | 113.25 | OK | |
r-release-macos-arm64 | 3.0.2 | 69.00 | NOTE | |||
r-release-macos-x86_64 | 3.0.2 | 126.00 | NOTE | |||
r-release-windows-x86_64 | 3.0.2 | 78.00 | 130.00 | 208.00 | OK | |
r-oldrel-macos-arm64 | 3.0.2 | 67.00 | NOTE | |||
r-oldrel-macos-x86_64 | 3.0.2 | 121.00 | NOTE | |||
r-oldrel-windows-ix86+x86_64 | 3.0.2 | 156.00 | 152.00 | 308.00 | NOTE |
Version: 3.0.2
Check: C++ specification
Result: NOTE
Specified C++11: please update to current default of C++17
Flavors: r-devel-linux-x86_64-debian-clang, r-devel-linux-x86_64-debian-gcc, r-devel-linux-x86_64-fedora-clang, r-devel-linux-x86_64-fedora-gcc, r-devel-windows-x86_64
Version: 3.0.2
Check: installed package size
Result: NOTE
installed size is 7.7Mb
sub-directories of 1Mb or more:
dict 1.5Mb
libs 5.2Mb
Flavors: r-release-macos-arm64, r-release-macos-x86_64, r-oldrel-macos-arm64, r-oldrel-macos-x86_64, r-oldrel-windows-ix86+x86_64