Last updated on 2023-03-30 06:53:17 CEST.
Flavor | Version | Tinstall | Tcheck | Ttotal | Status | Flags |
---|---|---|---|---|---|---|
r-devel-linux-x86_64-debian-clang | 2.1.11 | 259.84 | 31.63 | 291.47 | NOTE | |
r-devel-linux-x86_64-debian-gcc | 2.1.11 | 78.15 | 25.14 | 103.29 | NOTE | |
r-devel-linux-x86_64-fedora-clang | 2.1.11 | 169.34 | NOTE | |||
r-devel-linux-x86_64-fedora-gcc | 2.1.11 | 170.60 | NOTE | |||
r-devel-windows-x86_64 | 2.1.11 | 109.00 | 0.00 | 109.00 | NOTE | |
r-patched-linux-x86_64 | 2.1.11 | 71.43 | 30.70 | 102.13 | NOTE | |
r-release-linux-x86_64 | 2.1.11 | 77.06 | 32.08 | 109.14 | OK | |
r-release-macos-arm64 | 2.1.11 | 48.00 | NOTE | |||
r-release-macos-x86_64 | 2.1.11 | 64.00 | NOTE | |||
r-release-windows-x86_64 | 2.1.11 | 79.00 | 86.00 | 165.00 | OK | |
r-oldrel-macos-arm64 | 2.1.11 | 48.00 | NOTE | |||
r-oldrel-macos-x86_64 | 2.1.11 | 67.00 | NOTE | |||
r-oldrel-windows-ix86+x86_64 | 2.1.11 | 251.00 | 93.00 | 344.00 | OK |
Version: 2.1.11
Check: C++ specification
Result: NOTE
Specified C++14: please drop specification unless essential
Flavors: r-devel-linux-x86_64-debian-clang, r-devel-linux-x86_64-debian-gcc, r-devel-linux-x86_64-fedora-clang, r-devel-linux-x86_64-fedora-gcc, r-devel-windows-x86_64, r-patched-linux-x86_64
Version: 2.1.11
Check: installed package size
Result: NOTE
installed size is 7.9Mb
sub-directories of 1Mb or more:
libs 7.8Mb
Flavors: r-release-macos-arm64, r-release-macos-x86_64, r-oldrel-macos-arm64, r-oldrel-macos-x86_64