CRAN Package Check Results for Package humanleague

Last updated on 2021-11-26 19:52:52 CET.

Flavor Version Tinstall Tcheck Ttotal Status Flags
r-devel-linux-x86_64-debian-clang 2.1.8 91.34 29.17 120.51 NOTE
r-devel-linux-x86_64-debian-gcc 2.1.8 63.09 23.31 86.40 NOTE
r-devel-linux-x86_64-fedora-clang 2.1.8 175.53 NOTE
r-devel-linux-x86_64-fedora-gcc 2.1.8 156.47 NOTE
r-devel-windows-x86_64-new-UL 2.1.8 103.00 103.00 206.00 NOTE
r-devel-windows-x86_64-new-TK 2.1.8 NOTE
r-devel-windows-x86_64-old 2.1.8 90.00 65.00 155.00 NOTE
r-patched-linux-x86_64 2.1.8 69.51 28.29 97.80 NOTE
r-patched-solaris-x86 2.1.8 183.50 NOTE
r-release-linux-x86_64 2.1.8 NOTE
r-release-macos-arm64 2.1.8 NOTE
r-release-macos-x86_64 2.1.8 NOTE
r-release-windows-ix86+x86_64 2.1.8 246.00 69.00 315.00 NOTE
r-oldrel-macos-x86_64 2.1.8 NOTE
r-oldrel-windows-ix86+x86_64 2.1.8 182.00 80.00 262.00 OK

Check Details

Version: 2.1.8
Check: LazyData
Result: NOTE
     'LazyData' is specified without a 'data' directory
Flavors: r-devel-linux-x86_64-debian-clang, r-devel-linux-x86_64-debian-gcc, r-devel-linux-x86_64-fedora-clang, r-devel-linux-x86_64-fedora-gcc, r-devel-windows-x86_64-new-UL, r-devel-windows-x86_64-new-TK, r-devel-windows-x86_64-old, r-patched-linux-x86_64, r-patched-solaris-x86, r-release-linux-x86_64, r-release-macos-arm64, r-release-macos-x86_64, r-release-windows-ix86+x86_64

Version: 2.1.8
Check: installed package size
Result: NOTE
     installed size is 7.2Mb
     sub-directories of 1Mb or more:
     libs 7.1Mb
Flavors: r-devel-linux-x86_64-fedora-clang, r-release-macos-arm64, r-release-macos-x86_64, r-oldrel-macos-x86_64