CRAN Package Check Results for Package humanize

Last updated on 2022-09-27 21:53:51 CEST.

Flavor Version Tinstall Tcheck Ttotal Status Flags
r-devel-linux-x86_64-debian-clang 0.2.0 2.94 34.47 37.41 NOTE
r-devel-linux-x86_64-debian-gcc 0.2.0 2.66 26.99 29.65 NOTE
r-devel-linux-x86_64-fedora-clang 0.2.0 59.46 NOTE
r-devel-linux-x86_64-fedora-gcc 0.2.0 69.18 NOTE
r-devel-windows-x86_64 0.2.0 17.00 63.00 80.00 NOTE
r-patched-linux-x86_64 0.2.0 2.53 33.14 35.67 NOTE
r-release-linux-x86_64 0.2.0 2.69 33.60 36.29 NOTE
r-release-macos-arm64 0.2.0 22.00 NOTE
r-release-macos-x86_64 0.2.0 30.00 NOTE
r-release-windows-x86_64 0.2.0 14.00 59.00 73.00 NOTE
r-oldrel-macos-arm64 0.2.0 26.00 NOTE
r-oldrel-macos-x86_64 0.2.0 60.00 NOTE
r-oldrel-windows-ix86+x86_64 0.2.0 7.00 57.00 64.00 NOTE

Check Details

Version: 0.2.0
Check: LazyData
Result: NOTE
     'LazyData' is specified without a 'data' directory
Flavors: r-devel-linux-x86_64-debian-clang, r-devel-linux-x86_64-debian-gcc, r-devel-linux-x86_64-fedora-clang, r-devel-linux-x86_64-fedora-gcc, r-devel-windows-x86_64, r-patched-linux-x86_64, r-release-linux-x86_64, r-release-macos-arm64, r-release-macos-x86_64, r-release-windows-x86_64, r-oldrel-macos-arm64, r-oldrel-macos-x86_64, r-oldrel-windows-ix86+x86_64