CRAN Package Check Results for Package huge

Last updated on 2022-09-27 07:50:44 CEST.

Flavor Version Tinstall Tcheck Ttotal Status Flags
r-devel-linux-x86_64-debian-clang 1.3.5 85.58 146.84 232.42 OK
r-devel-linux-x86_64-debian-gcc 1.3.5 61.16 116.46 177.62 OK
r-devel-linux-x86_64-fedora-clang 1.3.5 309.28 OK
r-devel-linux-x86_64-fedora-gcc 1.3.5 299.51 OK
r-devel-windows-x86_64 1.3.5 61.00 214.00 275.00 OK
r-patched-linux-x86_64 1.3.5 70.20 138.50 208.70 OK
r-release-linux-x86_64 1.3.5 68.44 138.92 207.36 OK
r-release-macos-arm64 1.3.5 78.00 NOTE
r-release-macos-x86_64 1.3.5 99.00 NOTE
r-release-windows-x86_64 1.3.5 60.00 196.00 256.00 OK
r-oldrel-macos-arm64 1.3.5 94.00 NOTE
r-oldrel-macos-x86_64 1.3.5 93.00 NOTE
r-oldrel-windows-ix86+x86_64 1.3.5 181.00 263.00 444.00 OK

Check Details

Version: 1.3.5
Check: installed package size
Result: NOTE
     installed size is 9.9Mb
     sub-directories of 1Mb or more:
     libs 8.5Mb
Flavors: r-release-macos-arm64, r-release-macos-x86_64, r-oldrel-macos-arm64, r-oldrel-macos-x86_64