CRAN Package Check Results for Package httpuv

Last updated on 2021-09-26 19:49:00 CEST.

Flavor Version Tinstall Tcheck Ttotal Status Flags
r-devel-linux-x86_64-debian-clang 1.6.3 236.88 41.25 278.13 NOTE
r-devel-linux-x86_64-debian-gcc 1.6.3 148.17 33.38 181.55 NOTE
r-devel-linux-x86_64-fedora-clang 1.6.3 424.52 NOTE
r-devel-linux-x86_64-fedora-gcc 1.6.3 362.11 NOTE
r-devel-windows-x86_64 1.6.3 222.00 61.00 283.00 NOTE
r-devel-windows-x86_64-gcc10-UCRT 1.6.3 NOTE
r-patched-linux-x86_64 1.6.3 178.75 40.59 219.34 NOTE
r-patched-solaris-x86 1.6.3 255.70 NOTE
r-release-linux-x86_64 1.6.3 183.57 40.21 223.78 NOTE
r-release-macos-arm64 1.6.3 NOTE
r-release-macos-x86_64 1.6.3 NOTE
r-release-windows-ix86+x86_64 1.6.3 568.00 81.00 649.00 NOTE
r-oldrel-macos-x86_64 1.6.3 NOTE
r-oldrel-windows-ix86+x86_64 1.6.3 423.00 79.00 502.00 NOTE

Check Details

Version: 1.6.3
Check: for GNU extensions in Makefiles
Result: NOTE
    GNU make is a SystemRequirements.
Flavors: r-devel-linux-x86_64-debian-clang, r-devel-linux-x86_64-debian-gcc, r-devel-linux-x86_64-fedora-clang, r-devel-linux-x86_64-fedora-gcc, r-devel-windows-x86_64, r-devel-windows-x86_64-gcc10-UCRT, r-patched-linux-x86_64, r-patched-solaris-x86, r-release-linux-x86_64, r-release-macos-arm64, r-release-macos-x86_64, r-release-windows-ix86+x86_64, r-oldrel-macos-x86_64, r-oldrel-windows-ix86+x86_64

Version: 1.6.3
Check: installed package size
Result: NOTE
     installed size is 7.8Mb
     sub-directories of 1Mb or more:
     libs 7.4Mb
Flavors: r-devel-linux-x86_64-fedora-clang, r-release-macos-arm64, r-release-macos-x86_64, r-oldrel-macos-x86_64