CRAN Package Check Results for Package httptest

Last updated on 2023-02-04 00:50:54 CET.

Flavor Version Tinstall Tcheck Ttotal Status Flags
r-devel-linux-x86_64-debian-clang 4.1.0 3.24 65.95 69.19 OK
r-devel-linux-x86_64-debian-gcc 4.1.0 2.61 49.57 52.18 OK
r-devel-linux-x86_64-fedora-clang 4.1.0 87.00 OK
r-devel-linux-x86_64-fedora-gcc 4.1.0 97.71 OK
r-devel-windows-x86_64 4.1.0 36.00 133.00 169.00 OK
r-patched-linux-x86_64 4.1.0 4.14 64.60 68.74 OK
r-release-linux-x86_64 4.1.0 2.72 60.50 63.22 OK
r-release-macos-arm64 4.1.0 33.00 OK
r-release-macos-x86_64 4.1.0 67.00 OK
r-release-windows-x86_64 4.1.0 52.00 122.00 174.00 OK
r-oldrel-macos-arm64 4.1.0 32.00 OK
r-oldrel-macos-x86_64 4.1.0 40.00 OK
r-oldrel-windows-ix86+x86_64 4.1.0 10.00 109.00 119.00 WARN

Check Details

Version: 4.1.0
Check: for unstated dependencies in ‘tests’
Result: WARN
    Warning: unable to access index for repository https://bioconductor.org/packages/3.14/bioc/src/contrib:
     cannot open URL 'https://bioconductor.org/packages/3.14/bioc/src/contrib/PACKAGES'
    Warning: unable to access index for repository https://bioconductor.org/packages/3.14/data/annotation/src/contrib:
     cannot open URL 'https://bioconductor.org/packages/3.14/data/annotation/src/contrib/PACKAGES'
    Warning: unable to access index for repository https://bioconductor.org/packages/3.14/data/experiment/src/contrib:
     cannot open URL 'https://bioconductor.org/packages/3.14/data/experiment/src/contrib/PACKAGES'
Flavor: r-oldrel-windows-ix86+x86_64