Last updated on 2023-03-26 18:54:39 CEST.
Flavor | Version | Tinstall | Tcheck | Ttotal | Status | Flags |
---|---|---|---|---|---|---|
r-devel-linux-x86_64-debian-clang | 6.0.2 | 41.36 | 144.90 | 186.26 | OK | |
r-devel-linux-x86_64-debian-gcc | 6.0.2 | 32.42 | 109.38 | 141.80 | OK | |
r-devel-linux-x86_64-fedora-clang | 6.0.2 | 254.31 | OK | |||
r-devel-linux-x86_64-fedora-gcc | 6.0.2 | 239.12 | OK | |||
r-patched-linux-x86_64 | 6.0.2 | 35.13 | 141.72 | 176.85 | OK | |
r-release-linux-x86_64 | 6.0.2 | 34.29 | 140.10 | 174.39 | OK | |
r-release-macos-arm64 | 6.0.2 | 69.00 | OK | |||
r-release-macos-x86_64 | 6.0.2 | 116.00 | OK | |||
r-release-windows-x86_64 | 6.0.2 | 60.00 | 229.00 | 289.00 | OK | |
r-oldrel-macos-arm64 | 6.0.2 | 82.00 | OK | |||
r-oldrel-macos-x86_64 | 6.0.2 | 91.00 | OK | |||
r-oldrel-windows-ix86+x86_64 | 6.0.2 | 92.00 | 232.00 | 324.00 | NOTE |
Version: 6.0.2
Check: R code for possible problems
Result: NOTE
Initiating curl with CURL_SSL_BACKEND: openssl
Flavor: r-oldrel-windows-ix86+x86_64