CRAN Package Check Results for Package html2R

Last updated on 2021-06-15 01:50:26 CEST.

Flavor Version Tinstall Tcheck Ttotal Status Flags
r-devel-linux-x86_64-debian-clang 0.1.0 3.87 34.57 38.44 NOTE
r-devel-linux-x86_64-debian-gcc 0.1.0 3.17 27.42 30.59 NOTE
r-devel-linux-x86_64-fedora-clang 0.1.0 56.07 NOTE
r-devel-linux-x86_64-fedora-gcc 0.1.0 45.31 NOTE
r-devel-windows-x86_64 0.1.0 7.00 55.00 62.00 NOTE
r-devel-windows-x86_64-gcc10-UCRT 0.1.0 NOTE
r-patched-linux-x86_64 0.1.0 3.50 33.84 37.34 NOTE
r-patched-solaris-x86 0.1.0 69.20 NOTE
r-release-linux-x86_64 0.1.0 3.87 34.07 37.94 NOTE
r-release-macos-arm64 0.1.0 NOTE
r-release-macos-x86_64 0.1.0 NOTE
r-release-windows-ix86+x86_64 0.1.0 8.00 57.00 65.00 NOTE
r-oldrel-macos-x86_64 0.1.0 OK
r-oldrel-windows-ix86+x86_64 0.1.0 20.00 57.00 77.00 OK

Check Details

Version: 0.1.0
Check: LazyData
Result: NOTE
     'LazyData' is specified without a 'data' directory
Flavors: r-devel-linux-x86_64-debian-clang, r-devel-linux-x86_64-debian-gcc, r-devel-linux-x86_64-fedora-clang, r-devel-linux-x86_64-fedora-gcc, r-devel-windows-x86_64, r-devel-windows-x86_64-gcc10-UCRT, r-patched-linux-x86_64, r-patched-solaris-x86, r-release-linux-x86_64, r-release-macos-arm64, r-release-macos-x86_64, r-release-windows-ix86+x86_64