CRAN Package Check Results for Package html2R

Last updated on 2022-05-16 06:52:26 CEST.

Flavor Version Tinstall Tcheck Ttotal Status Flags
r-devel-linux-x86_64-debian-clang 0.1.0 4.65 47.64 52.29 NOTE
r-devel-linux-x86_64-debian-gcc 0.1.0 3.33 37.18 40.51 NOTE
r-devel-linux-x86_64-fedora-clang 0.1.0 62.85 NOTE
r-devel-linux-x86_64-fedora-gcc 0.1.0 63.42 NOTE
r-devel-windows-x86_64 0.1.0 9.00 61.00 70.00 NOTE
r-patched-linux-x86_64 0.1.0 3.04 46.95 49.99 NOTE
r-release-linux-x86_64 0.1.0 3.39 45.20 48.59 NOTE
r-release-macos-arm64 0.1.0 21.00 NOTE
r-release-macos-x86_64 0.1.0 36.00 NOTE
r-release-windows-x86_64 0.1.0 16.00 66.00 82.00 NOTE
r-oldrel-macos-arm64 0.1.0 25.00 NOTE
r-oldrel-macos-x86_64 0.1.0 35.00 NOTE
r-oldrel-windows-ix86+x86_64 0.1.0 13.00 58.00 71.00 NOTE

Check Details

Version: 0.1.0
Check: LazyData
Result: NOTE
     'LazyData' is specified without a 'data' directory
Flavors: r-devel-linux-x86_64-debian-clang, r-devel-linux-x86_64-debian-gcc, r-devel-linux-x86_64-fedora-clang, r-devel-linux-x86_64-fedora-gcc, r-devel-windows-x86_64, r-patched-linux-x86_64, r-release-linux-x86_64, r-release-macos-arm64, r-release-macos-x86_64, r-release-windows-x86_64, r-oldrel-macos-arm64, r-oldrel-macos-x86_64, r-oldrel-windows-ix86+x86_64