CRAN Package Check Results for Package hsrecombi

Last updated on 2021-08-05 01:49:34 CEST.

Flavor Version Tinstall Tcheck Ttotal Status Flags
r-devel-linux-x86_64-debian-clang 0.3.4 23.39 111.35 134.74 OK
r-devel-linux-x86_64-debian-gcc 0.3.4 16.98 81.80 98.78 OK
r-devel-linux-x86_64-fedora-clang 0.3.4 171.29 OK
r-devel-linux-x86_64-fedora-gcc 0.3.4 156.90 OK
r-devel-windows-x86_64 0.3.4 22.00 144.00 166.00 OK
r-devel-windows-x86_64-gcc10-UCRT 0.3.4 OK
r-patched-linux-x86_64 0.3.4 19.92 99.61 119.53 OK
r-patched-solaris-x86 0.3.4 226.70 OK
r-release-linux-x86_64 0.3.4 20.57 100.36 120.93 OK
r-release-macos-arm64 0.3.4 WARN
r-release-macos-x86_64 0.3.4 OK
r-release-windows-ix86+x86_64 0.3.4 55.00 185.00 240.00 OK
r-oldrel-macos-x86_64 0.3.4 OK
r-oldrel-windows-ix86+x86_64 0.3.4 57.00 185.00 242.00 OK

Check Details

Version: 0.3.4
Check: re-building of vignette outputs
Result: WARN
    Error(s) in re-building vignettes:
     ...
    --- re-building ‘hsrecombi_workflow.Rmd’ using rmarkdown
    Warning in engine$weave(file, quiet = quiet, encoding = enc) :
     Pandoc (>= 1.12.3) not available. Falling back to R Markdown v1.
    Quitting from lines 173-202 (hsrecombi_workflow.Rmd)
    Error: processing vignette 'hsrecombi_workflow.Rmd' failed with diagnostics:
    polygon edge not found
    --- failed re-building ‘hsrecombi_workflow.Rmd’
    
    SUMMARY: processing the following file failed:
     ‘hsrecombi_workflow.Rmd’
    
    Error: Vignette re-building failed.
    Execution halted
Flavor: r-release-macos-arm64