CRAN Package Check Results for Package hsphase

Last updated on 2021-09-26 19:49:00 CEST.

Flavor Version Tinstall Tcheck Ttotal Status Flags
r-devel-linux-x86_64-debian-clang 2.0.2 71.99 58.71 130.70 OK
r-devel-linux-x86_64-debian-gcc 2.0.2 46.21 44.19 90.40 OK
r-devel-linux-x86_64-fedora-clang 2.0.2 203.80 NOTE
r-devel-linux-x86_64-fedora-gcc 2.0.2 166.26 NOTE
r-devel-windows-x86_64 2.0.2 65.00 68.00 133.00 OK
r-devel-windows-x86_64-gcc10-UCRT 2.0.2 OK
r-patched-linux-x86_64 2.0.2 52.20 57.15 109.35 OK
r-patched-solaris-x86 2.0.2 168.10 OK
r-release-linux-x86_64 2.0.2 57.54 57.28 114.82 OK
r-release-macos-arm64 2.0.2 OK
r-release-macos-x86_64 2.0.2 OK
r-release-windows-ix86+x86_64 2.0.2 169.00 85.00 254.00 OK
r-oldrel-macos-x86_64 2.0.2 OK
r-oldrel-windows-ix86+x86_64 2.0.2 132.00 83.00 215.00 OK

Check Details

Version: 2.0.2
Check: compiled code
Result: NOTE
    File ‘hsphase/libs/hsphase.so’:
     Found no calls to: ‘R_registerRoutines’, ‘R_useDynamicSymbols’
    
    It is good practice to register native routines and to disable symbol
    search.
    
    See ‘Writing portable packages’ in the ‘Writing R Extensions’ manual.
Flavors: r-devel-linux-x86_64-fedora-clang, r-devel-linux-x86_64-fedora-gcc