CRAN Package Check Results for Package hsdar

Last updated on 2022-09-27 00:51:04 CEST.

Flavor Version Tinstall Tcheck Ttotal Status Flags
r-devel-linux-x86_64-debian-clang 1.0.4 110.29 588.91 699.20 NOTE
r-devel-linux-x86_64-debian-gcc 1.0.4 88.47 425.51 513.98 NOTE
r-devel-linux-x86_64-fedora-clang 1.0.4 852.70 NOTE
r-devel-linux-x86_64-fedora-gcc 1.0.4 829.06 NOTE
r-devel-windows-x86_64 1.0.4 159.00 606.00 765.00 NOTE
r-patched-linux-x86_64 1.0.4 100.90 559.41 660.31 OK
r-release-linux-x86_64 1.0.4 75.57 555.12 630.69 OK
r-release-macos-arm64 1.0.4 197.00 NOTE
r-release-macos-x86_64 1.0.4 350.00 NOTE
r-release-windows-x86_64 1.0.4 160.00 650.00 810.00 NOTE
r-oldrel-macos-arm64 1.0.4 134.00 NOTE
r-oldrel-macos-x86_64 1.0.4 267.00 NOTE
r-oldrel-windows-ix86+x86_64 1.0.4 203.00 801.00 1004.00 NOTE

Check Details

Version: 1.0.4
Check: Rd files
Result: NOTE
    checkRd: (-1) attributes_speclib.Rd:73: Escaped LaTeX specials: \$
    checkRd: (-1) get_reflectance.Rd:34: Escaped LaTeX specials: \&
Flavors: r-devel-linux-x86_64-debian-clang, r-devel-linux-x86_64-debian-gcc, r-devel-linux-x86_64-fedora-clang, r-devel-linux-x86_64-fedora-gcc, r-devel-windows-x86_64

Version: 1.0.4
Check: installed package size
Result: NOTE
     installed size is 6.1Mb
     sub-directories of 1Mb or more:
     R 2.1Mb
     doc 2.5Mb
Flavors: r-devel-linux-x86_64-fedora-clang, r-devel-windows-x86_64, r-release-macos-arm64, r-release-macos-x86_64, r-release-windows-x86_64, r-oldrel-macos-arm64, r-oldrel-macos-x86_64, r-oldrel-windows-ix86+x86_64