CRAN Package Check Results for Package hrt

Last updated on 2021-11-26 19:52:52 CET.

Flavor Version Tinstall Tcheck Ttotal Status Flags
r-devel-linux-x86_64-debian-clang 1.0.1 46.18 32.82 79.00 OK
r-devel-linux-x86_64-debian-gcc 1.0.1 31.59 26.45 58.04 OK
r-devel-linux-x86_64-fedora-clang 1.0.1 121.41 OK
r-devel-linux-x86_64-fedora-gcc 1.0.1 97.02 OK
r-devel-windows-x86_64-new-UL 1.0.1 60.00 119.00 179.00 OK
r-devel-windows-x86_64-new-TK 1.0.1 OK
r-devel-windows-x86_64-old 1.0.1 43.00 93.00 136.00 OK
r-patched-linux-x86_64 1.0.1 37.39 32.77 70.16 OK
r-patched-solaris-x86 1.0.1 98.80 OK
r-release-linux-x86_64 1.0.1 OK
r-release-macos-arm64 1.0.1 NOTE
r-release-macos-x86_64 1.0.1 NOTE
r-release-windows-ix86+x86_64 1.0.1 101.00 62.00 163.00 OK
r-oldrel-macos-x86_64 1.0.1 NOTE
r-oldrel-windows-ix86+x86_64 1.0.1 78.00 78.00 156.00 OK

Check Details

Version: 1.0.1
Check: installed package size
Result: NOTE
     installed size is 6.2Mb
     sub-directories of 1Mb or more:
     libs 6.1Mb
Flavors: r-release-macos-arm64, r-release-macos-x86_64, r-oldrel-macos-x86_64