CRAN Package Check Results for Package horseshoenlm

Last updated on 2021-11-26 19:52:52 CET.

Flavor Version Tinstall Tcheck Ttotal Status Flags
r-devel-linux-x86_64-debian-clang 0.0.6 3.25 49.77 53.02 NOTE
r-devel-linux-x86_64-debian-gcc 0.0.6 2.55 38.41 40.96 NOTE
r-devel-linux-x86_64-fedora-clang 0.0.6 74.70 NOTE
r-devel-linux-x86_64-fedora-gcc 0.0.6 63.95 NOTE
r-devel-windows-x86_64-new-UL 0.0.6 7.00 84.00 91.00 NOTE
r-devel-windows-x86_64-new-TK 0.0.6 NOTE
r-devel-windows-x86_64-old 0.0.6 5.00 76.00 81.00 NOTE
r-patched-linux-x86_64 0.0.6 3.55 48.80 52.35 NOTE
r-patched-solaris-x86 0.0.6 97.50 NOTE
r-release-linux-x86_64 0.0.6 NOTE
r-release-macos-arm64 0.0.6 NOTE
r-release-macos-x86_64 0.0.6 NOTE
r-release-windows-ix86+x86_64 0.0.6 7.00 57.00 64.00 NOTE
r-oldrel-macos-x86_64 0.0.6 NOTE
r-oldrel-windows-ix86+x86_64 0.0.6 5.00 72.00 77.00 OK

Check Details

Version: 0.0.6
Check: LazyData
Result: NOTE
     'LazyData' is specified without a 'data' directory
Flavors: r-devel-linux-x86_64-debian-clang, r-devel-linux-x86_64-debian-gcc, r-devel-linux-x86_64-fedora-clang, r-devel-linux-x86_64-fedora-gcc, r-devel-windows-x86_64-new-UL, r-devel-windows-x86_64-new-TK, r-devel-windows-x86_64-old, r-patched-linux-x86_64, r-patched-solaris-x86, r-release-linux-x86_64, r-release-macos-arm64, r-release-macos-x86_64, r-release-windows-ix86+x86_64

Version: 0.0.6
Check: dependencies in R code
Result: NOTE
    Namespace in Imports field not imported from: ‘survival’
     All declared Imports should be used.
Flavors: r-devel-linux-x86_64-fedora-clang, r-devel-linux-x86_64-fedora-gcc, r-devel-windows-x86_64-new-TK, r-patched-solaris-x86, r-release-macos-arm64, r-release-macos-x86_64, r-oldrel-macos-x86_64