Last updated on 2023-03-24 12:50:45 CET.
Flavor | Version | Tinstall | Tcheck | Ttotal | Status | Flags |
---|---|---|---|---|---|---|
r-devel-linux-x86_64-debian-clang | 0.2.1 | 5.09 | 99.48 | 104.57 | NOTE | |
r-devel-linux-x86_64-debian-gcc | 0.2.1 | 3.09 | 72.28 | 75.37 | NOTE | |
r-devel-linux-x86_64-fedora-clang | 0.2.1 | 131.46 | NOTE | |||
r-devel-linux-x86_64-fedora-gcc | 0.2.1 | 132.53 | NOTE | |||
r-patched-linux-x86_64 | 0.2.1 | 4.54 | 96.55 | 101.09 | NOTE | |
r-release-linux-x86_64 | 0.2.1 | 4.74 | 95.76 | 100.50 | NOTE | |
r-release-macos-arm64 | 0.2.1 | 37.00 | NOTE | |||
r-release-macos-x86_64 | 0.2.1 | 73.00 | NOTE | |||
r-release-windows-x86_64 | 0.2.1 | 19.00 | 133.00 | 152.00 | NOTE | |
r-oldrel-macos-arm64 | 0.2.1 | 42.00 | NOTE | |||
r-oldrel-macos-x86_64 | 0.2.1 | 54.00 | NOTE | |||
r-oldrel-windows-ix86+x86_64 | 0.2.1 | 12.00 | 129.00 | 141.00 | NOTE |
Version: 0.2.1
Check: LazyData
Result: NOTE
'LazyData' is specified without a 'data' directory
Flavors: r-devel-linux-x86_64-debian-clang, r-devel-linux-x86_64-debian-gcc, r-devel-linux-x86_64-fedora-clang, r-devel-linux-x86_64-fedora-gcc, r-patched-linux-x86_64, r-release-linux-x86_64, r-release-macos-arm64, r-release-macos-x86_64, r-release-windows-x86_64, r-oldrel-macos-arm64, r-oldrel-macos-x86_64, r-oldrel-windows-ix86+x86_64