CRAN Package Check Results for Package hlt

Last updated on 2024-02-21 12:53:01 CET.

Flavor Version Tinstall Tcheck Ttotal Status Flags
r-devel-linux-x86_64-debian-clang 1.3.1 NOTE
r-devel-linux-x86_64-debian-gcc 1.3.1 84.92 49.75 134.67 NOTE
r-devel-linux-x86_64-fedora-clang 1.3.1 242.96 OK
r-devel-linux-x86_64-fedora-gcc 1.3.1 244.61 OK
r-devel-windows-x86_64 1.3.1 79.00 95.00 174.00 OK
r-patched-linux-x86_64 1.3.1 77.73 64.94 142.67 OK
r-release-linux-x86_64 1.3.1 73.57 63.85 137.42 OK
r-release-macos-arm64 1.3.1 64.00 NOTE
r-release-macos-x86_64 1.3.1 102.00 NOTE
r-release-windows-x86_64 1.3.1 101.00 107.00 208.00 OK
r-oldrel-macos-arm64 1.3.1 46.00 NOTE
r-oldrel-windows-x86_64 1.3.1 97.00 100.00 197.00 OK

Check Details

Version: 1.3.1
Check: Rd files
Result: NOTE checkRd: (-1) hlt.Rd:64: Lost braces in \itemize; meant \describe ? checkRd: (-1) hlt.Rd:65: Lost braces in \itemize; meant \describe ? checkRd: (-1) hlt.Rd:66: Lost braces in \itemize; meant \describe ? checkRd: (-1) hlt.Rd:67: Lost braces in \itemize; meant \describe ? checkRd: (-1) hlt.Rd:68: Lost braces in \itemize; meant \describe ? checkRd: (-1) hlt.Rd:77-78: Lost braces in \itemize; \value handles \item{}{} directly checkRd: (-1) hlt.Rd:79: Lost braces in \itemize; \value handles \item{}{} directly checkRd: (-1) hlt.Rd:80-81: Lost braces in \itemize; \value handles \item{}{} directly checkRd: (-1) hlt.Rd:82: Lost braces in \itemize; \value handles \item{}{} directly checkRd: (-1) hlt.Rd:83: Lost braces in \itemize; \value handles \item{}{} directly checkRd: (-1) hltsim.Rd:31: Lost braces in \itemize; \value handles \item{}{} directly checkRd: (-1) hltsim.Rd:32: Lost braces in \itemize; \value handles \item{}{} directly checkRd: (-1) hltsim.Rd:33: Lost braces in \itemize; \value handles \item{}{} directly checkRd: (-1) hltsim.Rd:34: Lost braces in \itemize; \value handles \item{}{} directly checkRd: (-1) hltsim.Rd:35: Lost braces in \itemize; \value handles \item{}{} directly checkRd: (-1) hltsim.Rd:36: Lost braces in \itemize; \value handles \item{}{} directly checkRd: (-1) hltsim.Rd:37: Lost braces in \itemize; \value handles \item{}{} directly checkRd: (-1) hltsim.Rd:38: Lost braces in \itemize; \value handles \item{}{} directly Flavors: r-devel-linux-x86_64-debian-clang, r-devel-linux-x86_64-debian-gcc

Version: 1.3.1
Check: installed package size
Result: NOTE installed size is 6.1Mb sub-directories of 1Mb or more: help 2.3Mb libs 2.7Mb Flavors: r-release-macos-arm64, r-release-macos-x86_64, r-oldrel-macos-arm64