CRAN Package Check Results for Package hindex

Last updated on 2022-09-26 21:52:58 CEST.

Flavor Version Tinstall Tcheck Ttotal Status Flags
r-devel-linux-x86_64-debian-clang 0.2.0 3.79 40.53 44.32 NOTE
r-devel-linux-x86_64-debian-gcc 0.2.0 3.04 30.42 33.46 NOTE
r-devel-linux-x86_64-fedora-clang 0.2.0 65.24 NOTE
r-devel-linux-x86_64-fedora-gcc 0.2.0 65.89 NOTE
r-devel-windows-x86_64 0.2.0 12.00 73.00 85.00 NOTE
r-patched-linux-x86_64 0.2.0 3.82 38.03 41.85 NOTE
r-release-linux-x86_64 0.2.0 2.29 38.23 40.52 NOTE
r-release-macos-arm64 0.2.0 20.00 NOTE
r-release-macos-x86_64 0.2.0 34.00 NOTE
r-release-windows-x86_64 0.2.0 8.00 69.00 77.00 NOTE
r-oldrel-macos-arm64 0.2.0 26.00 NOTE
r-oldrel-macos-x86_64 0.2.0 29.00 NOTE
r-oldrel-windows-ix86+x86_64 0.2.0 9.00 62.00 71.00 NOTE

Check Details

Version: 0.2.0
Check: LazyData
Result: NOTE
     'LazyData' is specified without a 'data' directory
Flavors: r-devel-linux-x86_64-debian-clang, r-devel-linux-x86_64-debian-gcc, r-devel-linux-x86_64-fedora-clang, r-devel-linux-x86_64-fedora-gcc, r-devel-windows-x86_64, r-patched-linux-x86_64, r-release-linux-x86_64, r-release-macos-arm64, r-release-macos-x86_64, r-release-windows-x86_64, r-oldrel-macos-arm64, r-oldrel-macos-x86_64, r-oldrel-windows-ix86+x86_64