CRAN Package Check Results for Package hilldiv

Last updated on 2021-09-20 19:52:45 CEST.

Flavor Version Tinstall Tcheck Ttotal Status Flags
r-devel-linux-x86_64-debian-clang 1.5.1 18.01 186.77 204.78 OK
r-devel-linux-x86_64-debian-gcc 1.5.1 13.10 132.98 146.08 OK
r-devel-linux-x86_64-fedora-clang 1.5.1 244.56 OK
r-devel-linux-x86_64-fedora-gcc 1.5.1 233.96 OK
r-devel-windows-x86_64 1.5.1 21.00 166.00 187.00 OK
r-devel-windows-x86_64-gcc10-UCRT 1.5.1 ERROR
r-patched-linux-x86_64 1.5.1 17.54 178.12 195.66 OK
r-patched-solaris-x86 1.5.1 329.90 OK
r-release-linux-x86_64 1.5.1 16.42 174.05 190.47 OK
r-release-macos-arm64 1.5.1 OK
r-release-macos-x86_64 1.5.1 OK
r-release-windows-ix86+x86_64 1.5.1 46.00 164.00 210.00 OK
r-oldrel-macos-x86_64 1.5.1 OK
r-oldrel-windows-ix86+x86_64 1.5.1 43.00 164.00 207.00 OK

Check Details

Version: 1.5.1
Check: whether package can be installed
Result: WARN
    Found the following significant warnings:
     WARNING: installation-time patches will not be applied, could not get the patches index
Flavor: r-devel-windows-x86_64-gcc10-UCRT

Version: 1.5.1
Check: PDF version of manual
Result: WARN
    LaTeX errors when creating PDF version.
    This typically indicates Rd problems.
Flavor: r-devel-windows-x86_64-gcc10-UCRT

Version: 1.5.1
Check: PDF version of manual without hyperrefs or index
Result: ERROR
    Re-running with no redirection of stdout/stderr.
Flavor: r-devel-windows-x86_64-gcc10-UCRT