Last updated on 2023-01-29 12:55:31 CET.
Flavor | Version | Tinstall | Tcheck | Ttotal | Status | Flags |
---|---|---|---|---|---|---|
r-devel-linux-x86_64-debian-clang | 1.4.8 | 18.06 | 176.27 | 194.33 | NOTE | |
r-devel-linux-x86_64-debian-gcc | 1.4.8 | 14.74 | 127.55 | 142.29 | NOTE | |
r-devel-linux-x86_64-fedora-clang | 1.4.8 | 241.78 | OK | |||
r-devel-linux-x86_64-fedora-gcc | 1.4.8 | 266.13 | OK | |||
r-devel-windows-x86_64 | 1.4.8 | 50.00 | 238.00 | 288.00 | NOTE | |
r-patched-linux-x86_64 | 1.4.8 | 13.81 | 166.27 | 180.08 | NOTE | |
r-release-linux-x86_64 | 1.4.8 | 11.92 | 163.99 | 175.91 | NOTE | |
r-release-macos-arm64 | 1.4.8 | 68.00 | NOTE | |||
r-release-macos-x86_64 | 1.4.8 | 91.00 | NOTE | |||
r-release-windows-x86_64 | 1.4.8 | 63.00 | 187.00 | 250.00 | NOTE | |
r-oldrel-macos-arm64 | 1.4.8 | 63.00 | NOTE | |||
r-oldrel-macos-x86_64 | 1.4.8 | 89.00 | NOTE | |||
r-oldrel-windows-ix86+x86_64 | 1.4.8 | 41.00 | 198.00 | 239.00 | OK |
Version: 1.4.8
Check: package dependencies
Result: NOTE
Package suggested but not available for checking: ‘INLA’
Flavors: r-devel-linux-x86_64-debian-clang, r-devel-linux-x86_64-debian-gcc, r-devel-windows-x86_64, r-patched-linux-x86_64, r-release-linux-x86_64, r-release-macos-arm64, r-release-macos-x86_64, r-release-windows-x86_64, r-oldrel-macos-arm64, r-oldrel-macos-x86_64