CRAN Package Check Results for Package highcharter

Last updated on 2021-06-22 07:49:29 CEST.

Flavor Version Tinstall Tcheck Ttotal Status Flags
r-devel-linux-x86_64-debian-clang 0.8.2 15.00 124.95 139.95 OK
r-devel-linux-x86_64-debian-gcc 0.8.2 10.94 92.40 103.34 OK
r-devel-linux-x86_64-fedora-clang 0.8.2 178.22 OK
r-devel-linux-x86_64-fedora-gcc 0.8.2 158.43 OK
r-devel-windows-x86_64 0.8.2 20.00 141.00 161.00 OK
r-devel-windows-x86_64-gcc10-UCRT 0.8.2 ERROR
r-patched-linux-x86_64 0.8.2 13.46 118.36 131.82 OK
r-patched-solaris-x86 0.8.2 223.00 OK
r-release-linux-x86_64 0.8.2 11.08 118.49 129.57 OK
r-release-macos-arm64 0.8.2 NOTE
r-release-macos-x86_64 0.8.2 OK
r-release-windows-ix86+x86_64 0.8.2 30.00 187.00 217.00 OK
r-oldrel-macos-x86_64 0.8.2 OK

Check Details

Version: 0.8.2
Check: package dependencies
Result: ERROR
    Package required but not available: 'quantmod'
    
    Packages suggested but not available for checking:
     'httr', 'forecast', 'geojsonio', 'covr'
    
    See section 'The DESCRIPTION file' in the 'Writing R Extensions'
    manual.
Flavor: r-devel-windows-x86_64-gcc10-UCRT

Version: 0.8.2
Check: package dependencies
Result: NOTE
    Package suggested but not available for checking: ‘geojsonio’
Flavor: r-release-macos-arm64