Last updated on 2023-03-30 06:53:17 CEST.
Flavor | Version | Tinstall | Tcheck | Ttotal | Status | Flags |
---|---|---|---|---|---|---|
r-devel-linux-x86_64-debian-clang | 1.3 | 2.39 | 25.78 | 28.17 | NOTE | |
r-devel-linux-x86_64-debian-gcc | 1.3 | 2.24 | 20.28 | 22.52 | NOTE | |
r-devel-linux-x86_64-fedora-clang | 1.3 | 38.05 | NOTE | |||
r-devel-linux-x86_64-fedora-gcc | 1.3 | 36.52 | NOTE | |||
r-devel-windows-x86_64 | 1.3 | 17.00 | 0.00 | 17.00 | OK | |
r-patched-linux-x86_64 | 1.3 | 3.12 | 25.19 | 28.31 | NOTE | |
r-release-linux-x86_64 | 1.3 | 2.87 | 26.62 | 29.49 | NOTE | |
r-release-macos-arm64 | 1.3 | 17.00 | OK | |||
r-release-macos-x86_64 | 1.3 | 22.00 | OK | |||
r-release-windows-x86_64 | 1.3 | 29.00 | 52.00 | 81.00 | OK | |
r-oldrel-macos-arm64 | 1.3 | 16.00 | OK | |||
r-oldrel-macos-x86_64 | 1.3 | 22.00 | OK | |||
r-oldrel-windows-ix86+x86_64 | 1.3 | 6.00 | 44.00 | 50.00 | OK |
Version: 1.3
Check: package dependencies
Result: NOTE
Package suggested but not available for checking: ‘colorfulVennPlot’
Flavors: r-devel-linux-x86_64-debian-clang, r-devel-linux-x86_64-debian-gcc, r-devel-linux-x86_64-fedora-clang, r-devel-linux-x86_64-fedora-gcc, r-patched-linux-x86_64, r-release-linux-x86_64