CRAN Package Check Results for Package hht

Last updated on 2021-09-25 22:54:07 CEST.

Flavor Version Tinstall Tcheck Ttotal Status Flags
r-devel-linux-x86_64-debian-clang 2.1.4 11.83 95.35 107.18 OK
r-devel-linux-x86_64-debian-gcc 2.1.4 8.09 73.25 81.34 OK
r-devel-linux-x86_64-fedora-clang 2.1.4 130.23 NOTE
r-devel-linux-x86_64-fedora-gcc 2.1.4 119.80 NOTE
r-devel-windows-x86_64 2.1.4 12.00 90.00 102.00 OK
r-devel-windows-x86_64-gcc10-UCRT 2.1.4 NOTE
r-patched-linux-x86_64 2.1.4 9.98 88.53 98.51 OK
r-patched-solaris-x86 2.1.4 173.80 NOTE
r-release-linux-x86_64 2.1.4 10.50 89.70 100.20 OK
r-release-macos-arm64 2.1.4 NOTE
r-release-macos-x86_64 2.1.4 NOTE
r-release-windows-ix86+x86_64 2.1.4 22.00 82.00 104.00 OK
r-oldrel-macos-x86_64 2.1.4 NOTE
r-oldrel-windows-ix86+x86_64 2.1.4 18.00 86.00 104.00 OK

Check Details

Version: 2.1.4
Check: dependencies in R code
Result: NOTE
    Namespace in Imports field not imported from: ‘spatstat.linnet’
     All declared Imports should be used.
Flavors: r-devel-linux-x86_64-fedora-clang, r-devel-linux-x86_64-fedora-gcc, r-devel-windows-x86_64-gcc10-UCRT, r-patched-solaris-x86, r-release-macos-arm64, r-release-macos-x86_64, r-oldrel-macos-x86_64