CRAN Package Check Results for Package hexSticker

Last updated on 2022-11-30 12:54:33 CET.

Flavor Version Tinstall Tcheck Ttotal Status Flags
r-devel-linux-x86_64-debian-clang 0.4.9 6.92 65.37 72.29 NOTE
r-devel-linux-x86_64-debian-gcc 0.4.9 5.19 48.51 53.70 NOTE
r-devel-linux-x86_64-fedora-clang 0.4.9 96.08 NOTE
r-devel-linux-x86_64-fedora-gcc 0.4.9 93.38 NOTE
r-devel-windows-x86_64 0.4.9 21.00 90.00 111.00 NOTE
r-patched-linux-x86_64 0.4.9 6.81 61.81 68.62 NOTE
r-release-linux-x86_64 0.4.9 6.71 59.22 65.93 NOTE
r-release-macos-arm64 0.4.9 29.00 NOTE
r-release-macos-x86_64 0.4.9 49.00 NOTE
r-release-windows-x86_64 0.4.9 16.00 88.00 104.00 NOTE
r-oldrel-macos-arm64 0.4.9 31.00 NOTE
r-oldrel-macos-x86_64 0.4.9 42.00 NOTE
r-oldrel-windows-ix86+x86_64 0.4.9 19.00 85.00 104.00 NOTE

Check Details

Version: 0.4.9
Check: LazyData
Result: NOTE
     'LazyData' is specified without a 'data' directory
Flavors: r-devel-linux-x86_64-debian-clang, r-devel-linux-x86_64-debian-gcc, r-devel-linux-x86_64-fedora-clang, r-devel-linux-x86_64-fedora-gcc, r-devel-windows-x86_64, r-patched-linux-x86_64, r-release-linux-x86_64, r-release-macos-arm64, r-release-macos-x86_64, r-release-windows-x86_64, r-oldrel-macos-arm64, r-oldrel-macos-x86_64, r-oldrel-windows-ix86+x86_64