CRAN Package Check Results for Package heritability

Last updated on 2023-12-06 00:58:15 CET.

Flavor Version Tinstall Tcheck Ttotal Status Flags
r-devel-linux-x86_64-debian-clang 1.4 4.12 37.45 41.57 NOTE
r-devel-linux-x86_64-debian-gcc 1.4 2.51 29.37 31.88 NOTE
r-devel-linux-x86_64-fedora-clang 1.4 50.12 OK
r-devel-linux-x86_64-fedora-gcc 1.4 48.61 OK
r-devel-windows-x86_64 1.4 5.00 52.00 57.00 OK
r-patched-linux-x86_64 1.4 3.13 34.43 37.56 OK
r-release-linux-x86_64 1.4 3.29 34.81 38.10 OK
r-release-macos-arm64 1.4 23.00 OK
r-release-macos-x86_64 1.4 46.00 OK
r-release-windows-x86_64 1.4 5.00 53.00 58.00 OK
r-oldrel-macos-arm64 1.4 26.00 OK
r-oldrel-macos-x86_64 1.4 32.00 OK
r-oldrel-windows-x86_64 1.4 5.00 57.00 62.00 OK

Check Details

Version: 1.4
Check: Rd files
Result: NOTE checkRd: (-1) marker_h2.Rd:92: Lost braces in \itemize; \value handles \item{}{} directly checkRd: (-1) marker_h2.Rd:93: Lost braces in \itemize; \value handles \item{}{} directly checkRd: (-1) marker_h2.Rd:94: Lost braces in \itemize; \value handles \item{}{} directly checkRd: (-1) marker_h2.Rd:95: Lost braces in \itemize; \value handles \item{}{} directly checkRd: (-1) marker_h2.Rd:96-97: Lost braces in \itemize; \value handles \item{}{} directly checkRd: (-1) marker_h2.Rd:98: Lost braces in \itemize; \value handles \item{}{} directly checkRd: (-1) marker_h2.Rd:99: Lost braces in \itemize; \value handles \item{}{} directly checkRd: (-1) marker_h2_means.Rd:94: Lost braces in \itemize; \value handles \item{}{} directly checkRd: (-1) marker_h2_means.Rd:95: Lost braces in \itemize; \value handles \item{}{} directly checkRd: (-1) marker_h2_means.Rd:96: Lost braces in \itemize; \value handles \item{}{} directly checkRd: (-1) marker_h2_means.Rd:97: Lost braces in \itemize; \value handles \item{}{} directly checkRd: (-1) marker_h2_means.Rd:98-99: Lost braces in \itemize; \value handles \item{}{} directly checkRd: (-1) marker_h2_means.Rd:100: Lost braces in \itemize; \value handles \item{}{} directly checkRd: (-1) marker_h2_means.Rd:101: Lost braces in \itemize; \value handles \item{}{} directly checkRd: (-1) marker_h2_means.Rd:102: Lost braces in \itemize; \value handles \item{}{} directly checkRd: (-1) repeatability.Rd:38: Lost braces in \itemize; \value handles \item{}{} directly checkRd: (-1) repeatability.Rd:39: Lost braces in \itemize; \value handles \item{}{} directly checkRd: (-1) repeatability.Rd:40: Lost braces in \itemize; \value handles \item{}{} directly checkRd: (-1) repeatability.Rd:41-43: Lost braces in \itemize; \value handles \item{}{} directly checkRd: (-1) repeatability.Rd:44: Lost braces in \itemize; \value handles \item{}{} directly checkRd: (-1) repeatability.Rd:45: Lost braces in \itemize; \value handles \item{}{} directly Flavors: r-devel-linux-x86_64-debian-clang, r-devel-linux-x86_64-debian-gcc