CRAN Package Check Results for Package healthyverse

Last updated on 2022-12-10 00:49:54 CET.

Flavor Version Tinstall Tcheck Ttotal Status Flags
r-devel-linux-x86_64-debian-clang 1.0.2 14.02 140.58 154.60 OK
r-devel-linux-x86_64-debian-gcc 1.0.2 12.06 100.10 112.16 OK
r-devel-linux-x86_64-fedora-clang 1.0.2 203.19 NOTE
r-devel-linux-x86_64-fedora-gcc 1.0.2 211.15 NOTE
r-devel-windows-x86_64 1.0.2 31.00 158.00 189.00 OK
r-patched-linux-x86_64 1.0.2 13.04 130.08 143.12 OK
r-release-linux-x86_64 1.0.2 0.33 3.29 3.62 ERROR
r-release-macos-arm64 1.0.2 51.00 NOTE
r-release-macos-x86_64 1.0.2 84.00 NOTE
r-release-windows-x86_64 1.0.2 30.00 163.00 193.00 OK
r-oldrel-macos-arm64 1.0.2 45.00 NOTE
r-oldrel-macos-x86_64 1.0.2 67.00 NOTE
r-oldrel-windows-ix86+x86_64 1.0.2 38.00 152.00 190.00 OK

Check Details

Version: 1.0.2
Check: dependencies in R code
Result: NOTE
    Namespaces in Imports field not imported from:
     ‘TidyDensity’ ‘healthyR’ ‘healthyR.ai’ ‘healthyR.data’ ‘healthyR.ts’
     All declared Imports should be used.
Flavors: r-devel-linux-x86_64-fedora-clang, r-devel-linux-x86_64-fedora-gcc, r-release-macos-arm64, r-release-macos-x86_64, r-oldrel-macos-arm64, r-oldrel-macos-x86_64

Version: 1.0.2
Check: package dependencies
Result: ERROR
    Packages required but not available: 'healthyR.ts', 'healthyR.ai'
    
    See section ‘The DESCRIPTION file’ in the ‘Writing R Extensions’
    manual.
Flavor: r-release-linux-x86_64