CRAN Package Check Results for Package hdlm

Last updated on 2021-09-28 07:48:29 CEST.

Flavor Version Tinstall Tcheck Ttotal Status Flags
r-devel-linux-x86_64-debian-clang 1.3.1 11.29 102.46 113.75 OK
r-devel-linux-x86_64-debian-gcc 1.3.1 8.12 78.92 87.04 OK
r-devel-linux-x86_64-fedora-clang 1.3.1 148.89 NOTE
r-devel-linux-x86_64-fedora-gcc 1.3.1 136.55 NOTE
r-devel-windows-x86_64 1.3.1 11.00 96.00 107.00 OK
r-devel-windows-x86_64-gcc10-UCRT 1.3.1 OK
r-patched-linux-x86_64 1.3.1 10.51 100.36 110.87 OK
r-patched-solaris-x86 1.3.1 195.20 OK
r-release-linux-x86_64 1.3.1 8.67 99.11 107.78 OK
r-release-macos-arm64 1.3.1 OK
r-release-macos-x86_64 1.3.1 OK
r-release-windows-ix86+x86_64 1.3.1 25.00 115.00 140.00 OK
r-oldrel-macos-x86_64 1.3.1 OK
r-oldrel-windows-ix86+x86_64 1.3.1 18.00 112.00 130.00 OK

Check Details

Version: 1.3.1
Check: compiled code
Result: NOTE
    File ‘hdlm/libs/hdlm.so’:
     Found no calls to: ‘R_registerRoutines’, ‘R_useDynamicSymbols’
    
    It is good practice to register native routines and to disable symbol
    search.
    
    See ‘Writing portable packages’ in the ‘Writing R Extensions’ manual.
Flavors: r-devel-linux-x86_64-fedora-clang, r-devel-linux-x86_64-fedora-gcc