CRAN Package Check Results for Package haven

Last updated on 2021-07-30 13:51:21 CEST.

Flavor Version Tinstall Tcheck Ttotal Status Flags
r-devel-linux-x86_64-debian-clang 2.4.1 NOTE
r-devel-linux-x86_64-debian-gcc 2.4.1 24.00 41.27 65.27 NOTE
r-devel-linux-x86_64-fedora-clang 2.4.1 119.65 NOTE
r-devel-linux-x86_64-fedora-gcc 2.4.1 106.94 NOTE
r-devel-windows-x86_64 2.4.1 49.00 87.00 136.00 NOTE
r-devel-windows-x86_64-gcc10-UCRT 2.4.1 WARN
r-patched-linux-x86_64 2.4.1 NOTE
r-patched-solaris-x86 2.4.1 125.10 NOTE
r-release-linux-x86_64 2.4.1 26.97 51.40 78.37 NOTE
r-release-macos-arm64 2.4.1 NOTE
r-release-macos-x86_64 2.4.1 NOTE
r-release-windows-ix86+x86_64 2.4.1 119.00 109.00 228.00 NOTE
r-oldrel-macos-x86_64 2.4.1 NOTE
r-oldrel-windows-ix86+x86_64 2.4.1 89.00 113.00 202.00 NOTE

Check Details

Version: 2.4.1
Check: for GNU extensions in Makefiles
Result: NOTE
    GNU make is a SystemRequirements.
Flavors: r-devel-linux-x86_64-debian-clang, r-devel-linux-x86_64-debian-gcc, r-devel-linux-x86_64-fedora-clang, r-devel-linux-x86_64-fedora-gcc, r-devel-windows-x86_64, r-devel-windows-x86_64-gcc10-UCRT, r-patched-linux-x86_64, r-patched-solaris-x86, r-release-linux-x86_64, r-release-macos-arm64, r-release-macos-x86_64, r-release-windows-ix86+x86_64, r-oldrel-macos-x86_64, r-oldrel-windows-ix86+x86_64

Version: 2.4.1
Check: Rd cross-references
Result: NOTE
    Undeclared package ‘dplyr’ in Rd xrefs
Flavor: r-devel-linux-x86_64-fedora-clang

Version: 2.4.1
Check: whether package can be installed
Result: WARN
    Found the following significant warnings:
     readstat/sas/readstat_sas.c:319:21: warning: too many arguments for format [-Wformat-extra-args]
     readstat/sas/readstat_sas7bdat_read.c:1009:66: warning: too many arguments for format [-Wformat-extra-args]
     readstat/sas/readstat_sas7bdat_read.c:1045:25: warning: too many arguments for format [-Wformat-extra-args]
     readstat/sas/readstat_sas7bdat_read.c:1071:66: warning: too many arguments for format [-Wformat-extra-args]
     readstat/sas/readstat_sas7bdat_read.c:1111:25: warning: too many arguments for format [-Wformat-extra-args]
     readstat/sas/readstat_sas7bdat_read.c:1144:25: warning: too many arguments for format [-Wformat-extra-args]
     readstat/sas/readstat_sas7bdat_read.c:1248:62: warning: too many arguments for format [-Wformat-extra-args]
     readstat/spss/readstat_por_read.c:129:52: warning: too many arguments for format [-Wformat-extra-args]
     readstat/spss/readstat_por_read.c:140:52: warning: too many arguments for format [-Wformat-extra-args]
     readstat/spss/readstat_por_write.c:64:52: warning: too many arguments for format [-Wformat-extra-args]
     readstat/spss/readstat_sav_write.c:1307:66: warning: '%d' directive output may be truncated writing between 1 and 10 bytes into a region of size 8 [-Wformat-truncation=]
     readstat/stata/readstat_dta_read.c:190:25: warning: too many arguments for format [-Wformat-extra-args]
     readstat/stata/readstat_dta_read.c:407:62: warning: too many arguments for format [-Wformat-extra-args]
     readstat/stata/readstat_dta_read.c:704:62: warning: too many arguments for format [-Wformat-extra-args]
     readstat/stata/readstat_dta_read.c:981:62: warning: too many arguments for format [-Wformat-extra-args]
Flavor: r-devel-windows-x86_64-gcc10-UCRT