CRAN Package Check Results for Package hal9001

Last updated on 2022-09-29 12:55:28 CEST.

Flavor Version Tinstall Tcheck Ttotal Status Flags
r-devel-linux-x86_64-debian-clang 0.4.3 70.16 686.83 756.99 OK
r-devel-linux-x86_64-debian-gcc 0.4.3 60.13 491.10 551.23 OK
r-devel-linux-x86_64-fedora-clang 0.4.3 818.72 OK
r-devel-linux-x86_64-fedora-gcc 0.4.3 969.81 OK
r-devel-windows-x86_64 0.4.3 75.00 1099.00 1174.00 OK
r-patched-linux-x86_64 0.4.3 68.68 635.27 703.95 OK
r-release-linux-x86_64 0.4.3 66.43 646.91 713.34 OK
r-release-macos-arm64 0.4.3 280.00 OK
r-release-macos-x86_64 0.4.3 306.00 OK
r-release-windows-x86_64 0.4.3 115.00 1111.00 1226.00 OK
r-oldrel-macos-arm64 0.4.3 253.00 NOTE
r-oldrel-macos-x86_64 0.4.3 313.00 OK
r-oldrel-windows-ix86+x86_64 0.4.3 180.00 1316.00 1496.00 WARN

Check Details

Version: 0.4.3
Check: installed package size
Result: NOTE
     installed size is 5.5Mb
     sub-directories of 1Mb or more:
     libs 5.0Mb
Flavor: r-oldrel-macos-arm64

Version: 0.4.3
Check: for unstated dependencies in ‘tests’
Result: WARN
    Warning: unable to access index for repository https://bioconductor.org/packages/3.14/bioc/src/contrib:
     cannot open URL 'https://bioconductor.org/packages/3.14/bioc/src/contrib/PACKAGES'
    Warning: unable to access index for repository https://bioconductor.org/packages/3.14/data/annotation/src/contrib:
     cannot open URL 'https://bioconductor.org/packages/3.14/data/annotation/src/contrib/PACKAGES'
    Warning: unable to access index for repository https://bioconductor.org/packages/3.14/data/experiment/src/contrib:
     cannot open URL 'https://bioconductor.org/packages/3.14/data/experiment/src/contrib/PACKAGES'
Flavor: r-oldrel-windows-ix86+x86_64