CRAN Package Check Results for Package hablar

Last updated on 2021-09-25 01:50:19 CEST.

Flavor Version Tinstall Tcheck Ttotal Status Flags
r-devel-linux-x86_64-debian-clang 0.3.0 4.66 60.82 65.48 NOTE
r-devel-linux-x86_64-debian-gcc 0.3.0 3.86 46.19 50.05 NOTE
r-devel-linux-x86_64-fedora-clang 0.3.0 86.54 NOTE
r-devel-linux-x86_64-fedora-gcc 0.3.0 75.10 NOTE
r-devel-windows-x86_64 0.3.0 7.00 64.00 71.00 NOTE
r-devel-windows-x86_64-gcc10-UCRT 0.3.0 NOTE
r-patched-linux-x86_64 0.3.0 5.38 60.73 66.11 NOTE
r-patched-solaris-x86 0.3.0 109.10 WARN
r-release-linux-x86_64 0.3.0 4.24 61.41 65.65 NOTE
r-release-macos-arm64 0.3.0 NOTE
r-release-macos-x86_64 0.3.0 WARN
r-release-windows-ix86+x86_64 0.3.0 12.00 65.00 77.00 NOTE
r-oldrel-macos-x86_64 0.3.0 WARN
r-oldrel-windows-ix86+x86_64 0.3.0 12.00 62.00 74.00 OK

Check Details

Version: 0.3.0
Check: LazyData
Result: NOTE
     'LazyData' is specified without a 'data' directory
Flavors: r-devel-linux-x86_64-debian-clang, r-devel-linux-x86_64-debian-gcc, r-devel-linux-x86_64-fedora-clang, r-devel-linux-x86_64-fedora-gcc, r-devel-windows-x86_64, r-devel-windows-x86_64-gcc10-UCRT, r-patched-linux-x86_64, r-patched-solaris-x86, r-release-linux-x86_64, r-release-macos-arm64, r-release-macos-x86_64, r-release-windows-ix86+x86_64

Version: 0.3.0
Check: re-building of vignette outputs
Result: WARN
    Error(s) in re-building vignettes:
     ...
    --- re-building ‘convert.Rmd’ using rmarkdown
    Warning in engine$weave(file, quiet = quiet, encoding = enc) :
     Pandoc (>= 1.12.3) not available. Falling back to R Markdown v1.
    --- finished re-building ‘convert.Rmd’
    
    --- re-building ‘hablar.Rmd’ using rmarkdown
    Warning in engine$weave(file, quiet = quiet, encoding = enc) :
     Pandoc (>= 1.12.3) not available. Falling back to R Markdown v1.
    --- finished re-building ‘hablar.Rmd’
    
    --- re-building ‘retype.Rmd’ using rmarkdown
    Warning in engine$weave(file, quiet = quiet, encoding = enc) :
     Pandoc (>= 1.12.3) not available. Falling back to R Markdown v1.
    Quitting from lines 95-107 (retype.Rmd)
    Error: processing vignette 'retype.Rmd' failed with diagnostics:
    invalid 'path' argument
    --- failed re-building ‘retype.Rmd’
    
    --- re-building ‘s.Rmd’ using rmarkdown
    Warning in engine$weave(file, quiet = quiet, encoding = enc) :
     Pandoc (>= 1.12.3) not available. Falling back to R Markdown v1.
    Warning in max(sold_sodas, na.rm = T) :
     no non-missing arguments to max; returning -Inf
    Warning in max(x) : no non-missing arguments to max; returning -Inf
    Warning in max(height[species == "Human"]) :
     no non-missing arguments to max; returning -Inf
    Warning in max(height[species == "Human"]) :
     no non-missing arguments to max; returning -Inf
    Warning in max(height[species == "Human"]) :
     no non-missing arguments to max; returning -Inf
    Warning in max(height[species == "Human"]) :
     no non-missing arguments to max; returning -Inf
    Warning in max(height[species == "Human"]) :
     no non-missing arguments to max; returning -Inf
    Warning in max(height[species == "Human"]) :
     no non-missing arguments to max; returning -Inf
    Warning in max(height[species == "Human"]) :
     no non-missing arguments to max; returning -Inf
    Warning in max(height[species == "Human"]) :
     no non-missing arguments to max; returning -Inf
    Warning in max(height[species == "Human"]) :
     no non-missing arguments to max; returning -Inf
    Warning in max(height[species == "Human"]) :
     no non-missing arguments to max; returning -Inf
    Warning in max(height[species == "Human"]) :
     no non-missing arguments to max; returning -Inf
    Warning in max(height[species == "Human"]) :
     no non-missing arguments to max; returning -Inf
    Warning in max(height[species == "Human"]) :
     no non-missing arguments to max; returning -Inf
    Warning in max(height[species == "Human"]) :
     no non-missing arguments to max; returning -Inf
    Warning in max(height[species == "Human"]) :
     no non-missing arguments to max; returning -Inf
    Warning in max(height[species == "Human"]) :
     no non-missing arguments to max; returning -Inf
    Warning in max(height[species == "Human"]) :
     no non-missing arguments to max; returning -Inf
    Warning in max(height[species == "Human"]) :
     no non-missing arguments to max; returning -Inf
    Warning in max(height[species == "Human"]) :
     no non-missing arguments to max; returning -Inf
    Warning in max(height[species == "Human"]) :
     no non-missing arguments to max; returning -Inf
    Warning in max(height[species == "Human"]) :
     no non-missing arguments to max; returning -Inf
    Warning in max(height[species == "Human"]) :
     no non-missing arguments to max; returning -Inf
    Warning in max(height[species == "Human"]) :
     no non-missing arguments to max; returning -Inf
    Warning in max(height[species == "Human"]) :
     no non-missing arguments to max; returning -Inf
    Warning in max(height[species == "Human"]) :
     no non-missing arguments to max; returning -Inf
    Warning in max(height[species == "Human"]) :
     no non-missing arguments to max; returning -Inf
    Warning in max(height[species == "Human"]) :
     no non-missing arguments to max; returning -Inf
    Warning in max(height[species == "Human"]) :
     no non-missing arguments to max; returning -Inf
    Warning in max(height[species == "Human"]) :
     no non-missing arguments to max; returning -Inf
    Warning in max(height[species == "Human"]) :
     no non-missing arguments to max; returning -Inf
    Warning in max(height[species == "Human"]) :
     no non-missing arguments to max; returning -Inf
    Warning in max(height[species == "Human"]) :
     no non-missing arguments to max; returning -Inf
    --- finished re-building ‘s.Rmd’
    
    SUMMARY: processing the following file failed:
     ‘retype.Rmd’
    
    Error: Vignette re-building failed.
    Execution halted
Flavor: r-patched-solaris-x86

Version: 0.3.0
Check: re-building of vignette outputs
Result: WARN
    Error(s) in re-building vignettes:
    --- re-building ‘convert.Rmd’ using rmarkdown
    Warning in engine$weave(file, quiet = quiet, encoding = enc) :
     Pandoc (>= 1.12.3) not available. Falling back to R Markdown v1.
    --- finished re-building ‘convert.Rmd’
    
    --- re-building ‘hablar.Rmd’ using rmarkdown
    Warning in engine$weave(file, quiet = quiet, encoding = enc) :
     Pandoc (>= 1.12.3) not available. Falling back to R Markdown v1.
    --- finished re-building ‘hablar.Rmd’
    
    --- re-building ‘retype.Rmd’ using rmarkdown
    Warning in engine$weave(file, quiet = quiet, encoding = enc) :
     Pandoc (>= 1.12.3) not available. Falling back to R Markdown v1.
    Quitting from lines 95-107 (retype.Rmd)
    Error: processing vignette 'retype.Rmd' failed with diagnostics:
    invalid 'path' argument
    --- failed re-building ‘retype.Rmd’
    
    --- re-building ‘s.Rmd’ using rmarkdown
    Warning in engine$weave(file, quiet = quiet, encoding = enc) :
     Pandoc (>= 1.12.3) not available. Falling back to R Markdown v1.
    Warning in max(sold_sodas, na.rm = T) :
     no non-missing arguments to max; returning -Inf
    Warning in max(x) : no non-missing arguments to max; returning -Inf
    Warning in max(height[species == "Human"]) :
     no non-missing arguments to max; returning -Inf
    Warning in max(height[species == "Human"]) :
     no non-missing arguments to max; returning -Inf
    Warning in max(height[species == "Human"]) :
     no non-missing arguments to max; returning -Inf
    Warning in max(height[species == "Human"]) :
     no non-missing arguments to max; returning -Inf
    Warning in max(height[species == "Human"]) :
     no non-missing arguments to max; returning -Inf
    Warning in max(height[species == "Human"]) :
     no non-missing arguments to max; returning -Inf
    Warning in max(height[species == "Human"]) :
     no non-missing arguments to max; returning -Inf
    Warning in max(height[species == "Human"]) :
     no non-missing arguments to max; returning -Inf
    Warning in max(height[species == "Human"]) :
     no non-missing arguments to max; returning -Inf
    Warning in max(height[species == "Human"]) :
     no non-missing arguments to max; returning -Inf
    Warning in max(height[species == "Human"]) :
     no non-missing arguments to max; returning -Inf
    Warning in max(height[species == "Human"]) :
     no non-missing arguments to max; returning -Inf
    Warning in max(height[species == "Human"]) :
     no non-missing arguments to max; returning -Inf
    Warning in max(height[species == "Human"]) :
     no non-missing arguments to max; returning -Inf
    Warning in max(height[species == "Human"]) :
     no non-missing arguments to max; returning -Inf
    Warning in max(height[species == "Human"]) :
     no non-missing arguments to max; returning -Inf
    Warning in max(height[species == "Human"]) :
     no non-missing arguments to max; returning -Inf
    Warning in max(height[species == "Human"]) :
     no non-missing arguments to max; returning -Inf
    Warning in max(height[species == "Human"]) :
     no non-missing arguments to max; returning -Inf
    Warning in max(height[species == "Human"]) :
     no non-missing arguments to max; returning -Inf
    Warning in max(height[species == "Human"]) :
     no non-missing arguments to max; returning -Inf
    Warning in max(height[species == "Human"]) :
     no non-missing arguments to max; returning -Inf
    Warning in max(height[species == "Human"]) :
     no non-missing arguments to max; returning -Inf
    Warning in max(height[species == "Human"]) :
     no non-missing arguments to max; returning -Inf
    Warning in max(height[species == "Human"]) :
     no non-missing arguments to max; returning -Inf
    Warning in max(height[species == "Human"]) :
     no non-missing arguments to max; returning -Inf
    Warning in max(height[species == "Human"]) :
     no non-missing arguments to max; returning -Inf
    Warning in max(height[species == "Human"]) :
     no non-missing arguments to max; returning -Inf
    Warning in max(height[species == "Human"]) :
     no non-missing arguments to max; returning -Inf
    Warning in max(height[species == "Human"]) :
     no non-missing arguments to max; returning -Inf
    Warning in max(height[species == "Human"]) :
     no non-missing arguments to max; returning -Inf
    Warning in max(height[species == "Human"]) :
     no non-missing arguments to max; returning -Inf
    --- finished re-building ‘s.Rmd’
    
    SUMMARY: processing the following file failed:
     ‘retype.Rmd’
    
    Error: Vignette re-building failed.
    Execution halted
Flavor: r-release-macos-x86_64

Version: 0.3.0
Check: re-building of vignette outputs
Result: WARN
    Error(s) in re-building vignettes:
    --- re-building ‘convert.Rmd’ using rmarkdown
    Warning in engine$weave(file, quiet = quiet, encoding = enc) :
     Pandoc (>= 1.12.3) and/or pandoc-citeproc not available. Falling back to R Markdown v1.
    --- finished re-building ‘convert.Rmd’
    
    --- re-building ‘hablar.Rmd’ using rmarkdown
    Warning in engine$weave(file, quiet = quiet, encoding = enc) :
     Pandoc (>= 1.12.3) and/or pandoc-citeproc not available. Falling back to R Markdown v1.
    --- finished re-building ‘hablar.Rmd’
    
    --- re-building ‘retype.Rmd’ using rmarkdown
    Warning in engine$weave(file, quiet = quiet, encoding = enc) :
     Pandoc (>= 1.12.3) and/or pandoc-citeproc not available. Falling back to R Markdown v1.
    Quitting from lines 95-107 (retype.Rmd)
    Error: processing vignette 'retype.Rmd' failed with diagnostics:
    cannot open the connection
    --- failed re-building ‘retype.Rmd’
    
    --- re-building ‘s.Rmd’ using rmarkdown
    Warning in engine$weave(file, quiet = quiet, encoding = enc) :
     Pandoc (>= 1.12.3) and/or pandoc-citeproc not available. Falling back to R Markdown v1.
    Warning in max(sold_sodas, na.rm = T) :
     no non-missing arguments to max; returning -Inf
    Warning in max(x) : no non-missing arguments to max; returning -Inf
    Warning in max(height[species == "Human"]) :
     no non-missing arguments to max; returning -Inf
    Warning in max(height[species == "Human"]) :
     no non-missing arguments to max; returning -Inf
    Warning in max(height[species == "Human"]) :
     no non-missing arguments to max; returning -Inf
    Warning in max(height[species == "Human"]) :
     no non-missing arguments to max; returning -Inf
    Warning in max(height[species == "Human"]) :
     no non-missing arguments to max; returning -Inf
    Warning in max(height[species == "Human"]) :
     no non-missing arguments to max; returning -Inf
    Warning in max(height[species == "Human"]) :
     no non-missing arguments to max; returning -Inf
    Warning in max(height[species == "Human"]) :
     no non-missing arguments to max; returning -Inf
    Warning in max(height[species == "Human"]) :
     no non-missing arguments to max; returning -Inf
    Warning in max(height[species == "Human"]) :
     no non-missing arguments to max; returning -Inf
    Warning in max(height[species == "Human"]) :
     no non-missing arguments to max; returning -Inf
    Warning in max(height[species == "Human"]) :
     no non-missing arguments to max; returning -Inf
    Warning in max(height[species == "Human"]) :
     no non-missing arguments to max; returning -Inf
    Warning in max(height[species == "Human"]) :
     no non-missing arguments to max; returning -Inf
    Warning in max(height[species == "Human"]) :
     no non-missing arguments to max; returning -Inf
    Warning in max(height[species == "Human"]) :
     no non-missing arguments to max; returning -Inf
    Warning in max(height[species == "Human"]) :
     no non-missing arguments to max; returning -Inf
    Warning in max(height[species == "Human"]) :
     no non-missing arguments to max; returning -Inf
    Warning in max(height[species == "Human"]) :
     no non-missing arguments to max; returning -Inf
    Warning in max(height[species == "Human"]) :
     no non-missing arguments to max; returning -Inf
    Warning in max(height[species == "Human"]) :
     no non-missing arguments to max; returning -Inf
    Warning in max(height[species == "Human"]) :
     no non-missing arguments to max; returning -Inf
    Warning in max(height[species == "Human"]) :
     no non-missing arguments to max; returning -Inf
    Warning in max(height[species == "Human"]) :
     no non-missing arguments to max; returning -Inf
    Warning in max(height[species == "Human"]) :
     no non-missing arguments to max; returning -Inf
    Warning in max(height[species == "Human"]) :
     no non-missing arguments to max; returning -Inf
    Warning in max(height[species == "Human"]) :
     no non-missing arguments to max; returning -Inf
    Warning in max(height[species == "Human"]) :
     no non-missing arguments to max; returning -Inf
    Warning in max(height[species == "Human"]) :
     no non-missing arguments to max; returning -Inf
    Warning in max(height[species == "Human"]) :
     no non-missing arguments to max; returning -Inf
    Warning in max(height[species == "Human"]) :
     no non-missing arguments to max; returning -Inf
    Warning in max(height[species == "Human"]) :
     no non-missing arguments to max; returning -Inf
    --- finished re-building ‘s.Rmd’
    
    SUMMARY: processing the following file failed:
     ‘retype.Rmd’
    
    Error: Vignette re-building failed.
    Execution halted
Flavor: r-oldrel-macos-x86_64