CRAN Package Check Results for Package gwpcormapper

Last updated on 2021-06-24 01:50:22 CEST.

Flavor Version Tinstall Tcheck Ttotal Status Flags
r-devel-linux-x86_64-debian-clang 0.1.2 34.19 103.85 138.04 OK
r-devel-linux-x86_64-debian-gcc 0.1.2 24.49 75.10 99.59 OK
r-devel-linux-x86_64-fedora-clang 0.1.2 187.40 NOTE
r-devel-linux-x86_64-fedora-gcc 0.1.2 161.59 NOTE
r-devel-windows-x86_64 0.1.2 42.00 99.00 141.00 OK
r-devel-windows-x86_64-gcc10-UCRT 0.1.2 ERROR
r-patched-linux-x86_64 0.1.2 30.52 97.42 127.94 OK
r-patched-solaris-x86 0.1.2 224.50 NOTE
r-release-linux-x86_64 0.1.2 26.09 95.94 122.03 OK
r-release-macos-arm64 0.1.2 NOTE
r-release-macos-x86_64 0.1.2 NOTE
r-release-windows-ix86+x86_64 0.1.2 59.00 133.00 192.00 OK
r-oldrel-macos-x86_64 0.1.2 NOTE

Check Details

Version: 0.1.2
Check: dependencies in R code
Result: NOTE
    Namespaces in Imports field not imported from:
     ‘DT’ ‘attempt’ ‘corpcor’ ‘glue’ ‘htmltools’ ‘pkgload’ ‘processx’
     ‘tools’
     All declared Imports should be used.
Flavors: r-devel-linux-x86_64-fedora-clang, r-devel-linux-x86_64-fedora-gcc, r-patched-solaris-x86, r-release-macos-arm64, r-release-macos-x86_64, r-oldrel-macos-x86_64

Version: 0.1.2
Check: package dependencies
Result: ERROR
    Packages required but not available: 'golem', 'plotly'
    
    See section 'The DESCRIPTION file' in the 'Writing R Extensions'
    manual.
Flavor: r-devel-windows-x86_64-gcc10-UCRT