CRAN Package Check Results for Package gwfa

Last updated on 2021-06-21 07:48:45 CEST.

Flavor Version Tinstall Tcheck Ttotal Status Flags
r-devel-linux-x86_64-debian-clang 0.0.4 21.70 40.23 61.93 OK
r-devel-linux-x86_64-debian-gcc 0.0.4 14.86 31.19 46.05 OK
r-devel-linux-x86_64-fedora-clang 0.0.4 96.31 NOTE
r-devel-linux-x86_64-fedora-gcc 0.0.4 75.85 NOTE
r-devel-windows-x86_64 0.0.4 29.00 50.00 79.00 OK
r-devel-windows-x86_64-gcc10-UCRT 0.0.4 OK
r-patched-linux-x86_64 0.0.4 17.80 38.26 56.06 OK
r-patched-solaris-x86 0.0.4 102.40 OK
r-release-linux-x86_64 0.0.4 18.57 38.30 56.87 OK
r-release-macos-arm64 0.0.4 NOTE
r-release-macos-x86_64 0.0.4 OK
r-release-windows-ix86+x86_64 0.0.4 55.00 86.00 141.00 OK
r-oldrel-macos-x86_64 0.0.4 OK
r-oldrel-windows-ix86+x86_64 0.0.4 41.00 0.00 41.00 OK

Check Details

Version: 0.0.4
Check: compiled code
Result: NOTE
    File ‘gwfa/libs/gwfa.so’:
     Found no calls to: ‘R_registerRoutines’, ‘R_useDynamicSymbols’
    
    It is good practice to register native routines and to disable symbol
    search.
    
    See ‘Writing portable packages’ in the ‘Writing R Extensions’ manual.
Flavors: r-devel-linux-x86_64-fedora-clang, r-devel-linux-x86_64-fedora-gcc

Version: 0.0.4
Check: package dependencies
Result: NOTE
    Package suggested but not available for checking: ‘rgdal’
Flavor: r-release-macos-arm64