CRAN Package Check Results for Package gtrendsR

Last updated on 2021-08-01 13:49:35 CEST.

Flavor Version Tinstall Tcheck Ttotal Status Flags
r-devel-linux-x86_64-debian-clang 1.4.8 7.05 53.84 60.89 OK
r-devel-linux-x86_64-debian-gcc 1.4.8 5.89 40.22 46.11 OK
r-devel-linux-x86_64-fedora-clang 1.4.8 86.08 NOTE
r-devel-linux-x86_64-fedora-gcc 1.4.8 68.55 NOTE
r-devel-windows-x86_64 1.4.8 11.00 70.00 81.00 OK
r-devel-windows-x86_64-gcc10-UCRT 1.4.8 NOTE
r-patched-linux-x86_64 1.4.8 OK
r-patched-solaris-x86 1.4.8 106.00 NOTE
r-release-linux-x86_64 1.4.8 6.56 49.44 56.00 OK
r-release-macos-arm64 1.4.8 NOTE
r-release-macos-x86_64 1.4.8 NOTE
r-release-windows-ix86+x86_64 1.4.8 17.00 69.00 86.00 OK
r-oldrel-macos-x86_64 1.4.8 NOTE
r-oldrel-windows-ix86+x86_64 1.4.8 14.00 68.00 82.00 OK

Check Details

Version: 1.4.8
Check: data for non-ASCII characters
Result: NOTE
     Note: found 269 marked UTF-8 strings
Flavors: r-devel-linux-x86_64-fedora-clang, r-devel-linux-x86_64-fedora-gcc, r-devel-windows-x86_64-gcc10-UCRT, r-patched-solaris-x86, r-release-macos-arm64, r-release-macos-x86_64, r-oldrel-macos-x86_64