CRAN Package Check Results for Package gtfsrouter

Last updated on 2022-10-05 21:53:35 CEST.

Flavor Version Tinstall Tcheck Ttotal Status Flags
r-devel-linux-x86_64-debian-clang 0.0.5 59.23 125.76 184.99 OK
r-devel-linux-x86_64-debian-gcc 0.0.5 47.08 80.80 127.88 OK
r-devel-linux-x86_64-fedora-clang 0.0.5 249.42 OK
r-devel-linux-x86_64-fedora-gcc 0.0.5 211.67 OK
r-devel-windows-x86_64 0.0.5 66.00 153.00 219.00 OK
r-patched-linux-x86_64 0.0.5 50.50 96.66 147.16 OK
r-release-linux-x86_64 0.0.5 54.66 97.25 151.91 OK
r-release-macos-arm64 0.0.5 53.00 NOTE
r-release-macos-x86_64 0.0.5 76.00 NOTE
r-release-windows-x86_64 0.0.5 71.00 157.00 228.00 OK
r-oldrel-macos-arm64 0.0.5 60.00 NOTE
r-oldrel-macos-x86_64 0.0.5 77.00 NOTE
r-oldrel-windows-ix86+x86_64 0.0.5 146.00 179.00 325.00 NOTE

Additional issues

noSuggests

Check Details

Version: 0.0.5
Check: installed package size
Result: NOTE
     installed size is 6.5Mb
     sub-directories of 1Mb or more:
     doc 2.9Mb
     libs 3.0Mb
Flavors: r-release-macos-arm64, r-release-macos-x86_64, r-oldrel-macos-arm64, r-oldrel-macos-x86_64, r-oldrel-windows-ix86+x86_64